CRAN Package Check Results for Package retistruct

Last updated on 2020-10-01 15:48:36 CEST.

Flavor Version Tinstall Tcheck Ttotal Status Flags
r-devel-linux-x86_64-debian-clang 0.6.3 27.52 132.22 159.74 OK
r-devel-linux-x86_64-debian-gcc 0.6.3 25.10 97.16 122.26 OK
r-devel-linux-x86_64-fedora-clang 0.6.3 195.41 NOTE
r-devel-linux-x86_64-fedora-gcc 0.6.3 192.73 NOTE
r-devel-windows-ix86+x86_64 0.6.3 51.00 191.00 242.00 OK
r-patched-linux-x86_64 0.6.3 24.72 125.71 150.43 OK
r-patched-solaris-x86 0.6.3 271.20 NOTE
r-release-linux-x86_64 0.6.3 27.96 125.29 153.25 OK
r-release-macos-x86_64 0.6.3 NOTE
r-release-windows-ix86+x86_64 0.6.3 53.00 231.00 284.00 OK
r-oldrel-macos-x86_64 0.6.3 NOTE
r-oldrel-windows-ix86+x86_64 0.6.3 47.00 246.00 293.00 OK

Check Details

Version: 0.6.3
Check: dependencies in R code
Result: NOTE
    Namespace in Imports field not imported from: ‘RTriangle’
     All declared Imports should be used.
Flavors: r-devel-linux-x86_64-fedora-clang, r-devel-linux-x86_64-fedora-gcc, r-patched-solaris-x86, r-release-macos-x86_64, r-oldrel-macos-x86_64

Version: 0.6.3
Check: package dependencies
Result: NOTE
    Package suggested but not available for checking: ‘gWidgets2RGtk2’
Flavor: r-oldrel-macos-x86_64