CRAN Package Check Results for Package reticulate

Last updated on 2020-09-25 15:48:52 CEST.

Flavor Version Tinstall Tcheck Ttotal Status Flags
r-devel-linux-x86_64-debian-clang 1.16 60.74 93.64 154.38 OK
r-devel-linux-x86_64-debian-gcc 1.16 43.72 73.61 117.33 OK
r-devel-linux-x86_64-fedora-clang 1.16 202.11 NOTE
r-devel-linux-x86_64-fedora-gcc 1.16 186.88 OK
r-devel-windows-ix86+x86_64 1.16 127.00 164.00 291.00 OK
r-patched-linux-x86_64 1.16 50.35 90.98 141.33 OK
r-patched-solaris-x86 1.16 200.00 OK
r-release-linux-x86_64 1.16 48.08 89.26 137.34 OK
r-release-macos-x86_64 1.16 OK
r-release-windows-ix86+x86_64 1.16 109.00 160.00 269.00 OK
r-oldrel-macos-x86_64 1.16 OK
r-oldrel-windows-ix86+x86_64 1.16 129.00 143.00 272.00 OK

Check Details

Version: 1.16
Check: installed package size
Result: NOTE
     installed size is 5.1Mb
     sub-directories of 1Mb or more:
     doc 1.1Mb
     libs 3.4Mb
Flavor: r-devel-linux-x86_64-fedora-clang