CRAN Package Check Results for Package resampledata

Last updated on 2020-09-22 03:49:37 CEST.

Flavor Version Tinstall Tcheck Ttotal Status Flags
r-devel-linux-x86_64-debian-clang 0.3.1 2.34 20.64 22.98 OK
r-devel-linux-x86_64-debian-gcc 0.3.1 0.39 2.09 2.48 ERROR
r-devel-linux-x86_64-fedora-clang 0.3.1 38.13 OK
r-devel-linux-x86_64-fedora-gcc 0.3.1 28.15 OK
r-devel-windows-ix86+x86_64 0.3.1 6.00 31.00 37.00 OK
r-patched-linux-x86_64 0.3.1 2.80 20.68 23.48 OK
r-patched-solaris-x86 0.3.1 44.30 OK
r-release-linux-x86_64 0.3.1 2.78 20.83 23.61 OK
r-release-macos-x86_64 0.3.1 OK
r-release-windows-ix86+x86_64 0.3.1 7.00 49.00 56.00 OK
r-oldrel-macos-x86_64 0.3.1 OK
r-oldrel-windows-ix86+x86_64 0.3.1 5.00 35.00 40.00 OK

Check Details

Version: 0.3.1
Check: whether package can be installed
Result: ERROR
    Installation failed.
Flavor: r-devel-linux-x86_64-debian-gcc