CRAN Package Check Results for Package reporttools

Last updated on 2020-09-22 03:49:37 CEST.

Flavor Version Tinstall Tcheck Ttotal Status Flags
r-devel-linux-x86_64-debian-clang 1.1.2 4.29 33.58 37.87 OK
r-devel-linux-x86_64-debian-gcc 1.1.2 0.35 2.05 2.40 ERROR
r-devel-linux-x86_64-fedora-clang 1.1.2 55.80 OK
r-devel-linux-x86_64-fedora-gcc 1.1.2 45.87 OK
r-devel-windows-ix86+x86_64 1.1.2 8.00 50.00 58.00 OK
r-patched-linux-x86_64 1.1.2 4.18 33.06 37.24 OK
r-patched-solaris-x86 1.1.2 63.90 OK
r-release-linux-x86_64 1.1.2 3.84 33.29 37.13 OK
r-release-macos-x86_64 1.1.2 OK
r-release-windows-ix86+x86_64 1.1.2 7.00 45.00 52.00 OK
r-oldrel-macos-x86_64 1.1.2 OK
r-oldrel-windows-ix86+x86_64 1.1.2 5.00 56.00 61.00 OK

Check Details

Version: 1.1.2
Check: whether package can be installed
Result: ERROR
    Installation failed.
Flavor: r-devel-linux-x86_64-debian-gcc