CRAN Package Check Results for Package repfdr

Last updated on 2024-03-02 04:08:16 CET.

Flavor Version Tinstall Tcheck Ttotal Status Flags
r-devel-linux-x86_64-debian-clang 1.2.3 23.34 44.95 68.29 NOTE
r-devel-linux-x86_64-debian-gcc 1.2.3 19.13 34.58 53.71 NOTE
r-devel-linux-x86_64-fedora-clang 1.2.3 93.39 NOTE
r-devel-linux-x86_64-fedora-gcc 1.2.3 103.55 NOTE
r-devel-windows-x86_64 1.2.3 22.00 76.00 98.00 OK
r-patched-linux-x86_64 1.2.3 26.61 44.94 71.55 OK
r-release-linux-x86_64 1.2.3 22.85 44.50 67.35 OK
r-release-macos-arm64 1.2.3 32.00 OK
r-release-macos-x86_64 1.2.3 48.00 OK
r-release-windows-x86_64 1.2.3 21.00 86.00 107.00 OK
r-oldrel-macos-arm64 1.2.3 27.00 OK
r-oldrel-windows-x86_64 1.2.3 27.00 85.00 112.00 OK

Check Details

Version: 1.2.3
Check: Rd files
Result: NOTE checkRd: (-1) twosidedPValuestobins.Rd:84: Lost braces; missing escapes or markup? 84 | A matrix with \code{n.bins + 1} rows and {ncol(zmat)} columns, representing for each study the discretization chosed. Values are the between bin breaks. First and last values are the edges of the outmost bins. | ^ checkRd: (-1) ztobins.Rd:90: Lost braces; missing escapes or markup? 90 | A matrix with \code{n.bins + 1} rows and {ncol(zmat)} columns, representing for each study the discretization chosed. Values are the between bin breaks. First and last values are the edges of the outmost bins. | ^ Flavors: r-devel-linux-x86_64-debian-clang, r-devel-linux-x86_64-debian-gcc, r-devel-linux-x86_64-fedora-clang, r-devel-linux-x86_64-fedora-gcc