Last updated on 2023-02-01 15:51:35 CET.
Flavor | Version | Tinstall | Tcheck | Ttotal | Status | Flags |
---|---|---|---|---|---|---|
r-devel-linux-x86_64-debian-clang | 1.2.3 | 21.32 | 45.39 | 66.71 | OK | |
r-devel-linux-x86_64-debian-gcc | 1.2.3 | 18.29 | 34.15 | 52.44 | OK | |
r-devel-linux-x86_64-fedora-clang | 1.2.3 | 93.31 | OK | |||
r-devel-linux-x86_64-fedora-gcc | 1.2.3 | 97.44 | OK | |||
r-devel-windows-x86_64 | 1.2.3 | 34.00 | 95.00 | 129.00 | OK | |
r-patched-linux-x86_64 | 1.2.3 | 21.48 | 42.67 | 64.15 | OK | |
r-release-linux-x86_64 | 1.2.3 | 18.25 | 44.37 | 62.62 | OK | |
r-release-macos-arm64 | 1.2.3 | 25.00 | OK | |||
r-release-macos-x86_64 | 1.2.3 | 40.00 | OK | |||
r-release-windows-x86_64 | 1.2.3 | 33.00 | 109.00 | 142.00 | OK | |
r-oldrel-macos-arm64 | 1.2.3 | 34.00 | OK | |||
r-oldrel-macos-x86_64 | 1.2.3 | 55.00 | OK | |||
r-oldrel-windows-ix86+x86_64 | 1.2.3 | 59.00 | 98.00 | 157.00 | NOTE |
Version: 1.2.3
Check: installed package size
Result: NOTE
installed size is 5.4Mb
sub-directories of 1Mb or more:
data 2.4Mb
libs 2.1Mb
Flavor: r-oldrel-windows-ix86+x86_64