CRAN Package Check Results for Package repana

Last updated on 2022-08-07 15:55:58 CEST.

Flavor Version Tinstall Tcheck Ttotal Status Flags
r-devel-linux-x86_64-debian-clang 1.23.2 9.51 114.36 123.87 NOTE
r-devel-linux-x86_64-debian-gcc 1.23.2 7.39 85.80 93.19 NOTE
r-devel-linux-x86_64-fedora-clang 1.23.2 154.74 NOTE
r-devel-linux-x86_64-fedora-gcc 1.23.2 151.36 NOTE
r-devel-windows-x86_64 1.23.2 14.00 147.00 161.00 NOTE
r-patched-linux-x86_64 1.23.2 5.57 106.40 111.97 OK
r-release-linux-x86_64 1.23.2 6.66 108.84 115.50 OK
r-release-macos-arm64 1.23.2 51.00 OK
r-release-macos-x86_64 1.23.2 80.00 OK
r-release-windows-x86_64 1.23.2 21.00 148.00 169.00 OK
r-oldrel-macos-arm64 1.23.2 44.00 OK
r-oldrel-macos-x86_64 1.23.2 47.00 OK
r-oldrel-windows-ix86+x86_64 1.23.2 20.00 156.00 176.00 OK

Check Details

Version: 1.23.2
Check: package subdirectories
Result: NOTE
    Problems with news in 'NEWS.md':
    No news entries found.
Flavors: r-devel-linux-x86_64-debian-clang, r-devel-linux-x86_64-debian-gcc, r-devel-linux-x86_64-fedora-clang, r-devel-linux-x86_64-fedora-gcc, r-devel-windows-x86_64