CRAN Package Check Results for Package rempsyc

Last updated on 2023-01-29 16:55:07 CET.

Flavor Version Tinstall Tcheck Ttotal Status Flags
r-devel-linux-x86_64-debian-clang 0.1.0 13.37 309.97 323.34 OK
r-devel-linux-x86_64-debian-gcc 0.1.0 8.09 223.79 231.88 OK
r-devel-linux-x86_64-fedora-clang 0.1.0 404.46 OK
r-devel-linux-x86_64-fedora-gcc 0.1.0 407.35 OK
r-devel-windows-x86_64 0.1.0 58.00 372.00 430.00 OK
r-patched-linux-x86_64 0.1.0 13.23 291.68 304.91 OK
r-release-linux-x86_64 0.1.0 10.90 261.75 272.65 OK
r-release-macos-arm64 0.1.0 141.00 OK
r-release-macos-x86_64 0.1.0 151.00 OK
r-release-windows-x86_64 0.1.0 47.00 349.00 396.00 OK
r-oldrel-macos-arm64 0.1.0 165.00 OK
r-oldrel-macos-x86_64 0.1.0 169.00 OK
r-oldrel-windows-ix86+x86_64 0.1.0 26.00 294.00 320.00 WARN

Check Details

Version: 0.1.0
Check: re-building of vignette outputs
Result: WARN
    Error(s) in re-building vignettes:
    --- re-building 'assumptions.Rmd' using rmarkdown
    --- finished re-building 'assumptions.Rmd'
    
    --- re-building 'circles.Rmd' using rmarkdown
    --- finished re-building 'circles.Rmd'
    
    --- re-building 'contrasts.Rmd' using rmarkdown
    Quitting from lines 93-94 (contrasts.Rmd)
    Error: processing vignette 'contrasts.Rmd' failed with diagnostics:
    cannot open the connection
    --- failed re-building 'contrasts.Rmd'
    
    --- re-building 'moderation.Rmd' using rmarkdown
    --- finished re-building 'moderation.Rmd'
    
    --- re-building 'randomize.Rmd' using rmarkdown
    --- finished re-building 'randomize.Rmd'
    
    --- re-building 'scatter.Rmd' using rmarkdown
    --- finished re-building 'scatter.Rmd'
    
    --- re-building 't-test.Rmd' using rmarkdown
    --- finished re-building 't-test.Rmd'
    
    --- re-building 'table.Rmd' using rmarkdown
    --- finished re-building 'table.Rmd'
    
    --- re-building 'violin.Rmd' using rmarkdown
    --- finished re-building 'violin.Rmd'
    
    SUMMARY: processing the following file failed:
     'contrasts.Rmd'
    
    Error: Vignette re-building failed.
    Execution halted
Flavor: r-oldrel-windows-ix86+x86_64