CRAN Package Check Results for Package rematch

Last updated on 2023-02-08 04:07:13 CET.

Flavor Version Tinstall Tcheck Ttotal Status Flags
r-devel-linux-x86_64-debian-clang 1.0.1 1.84 21.52 23.36 NOTE
r-devel-linux-x86_64-debian-gcc 1.0.1 1.41 17.01 18.42 NOTE
r-devel-linux-x86_64-fedora-clang 1.0.1 30.14 NOTE
r-devel-linux-x86_64-fedora-gcc 1.0.1 28.73 NOTE
r-devel-windows-x86_64 1.0.1 12.00 48.00 60.00 NOTE
r-patched-linux-x86_64 1.0.1 1.65 21.42 23.07 NOTE
r-release-linux-x86_64 1.0.1 1.41 22.05 23.46 NOTE
r-release-macos-arm64 1.0.1 14.00 NOTE
r-release-macos-x86_64 1.0.1 21.00 NOTE
r-release-windows-x86_64 1.0.1 12.00 55.00 67.00 NOTE
r-oldrel-macos-arm64 1.0.1 19.00 NOTE
r-oldrel-macos-x86_64 1.0.1 27.00 NOTE
r-oldrel-windows-ix86+x86_64 1.0.1 6.00 46.00 52.00 NOTE

Check Details

Version: 1.0.1
Check: LazyData
Result: NOTE
     'LazyData' is specified without a 'data' directory
Flavors: r-devel-linux-x86_64-debian-clang, r-devel-linux-x86_64-debian-gcc, r-devel-linux-x86_64-fedora-clang, r-devel-linux-x86_64-fedora-gcc, r-devel-windows-x86_64, r-patched-linux-x86_64, r-release-linux-x86_64, r-release-macos-arm64, r-release-macos-x86_64, r-release-windows-x86_64, r-oldrel-macos-arm64, r-oldrel-macos-x86_64, r-oldrel-windows-ix86+x86_64