CRAN Package Check Results for Package rematch

Last updated on 2022-08-16 04:53:47 CEST.

Flavor Version Tinstall Tcheck Ttotal Status Flags
r-devel-linux-x86_64-debian-clang 1.0.1 1.63 21.49 23.12 NOTE
r-devel-linux-x86_64-debian-gcc 1.0.1 1.41 17.07 18.48 NOTE
r-devel-linux-x86_64-fedora-clang 1.0.1 40.35 NOTE
r-devel-linux-x86_64-fedora-gcc 1.0.1 38.55 NOTE
r-devel-windows-x86_64 1.0.1 4.00 46.00 50.00 NOTE
r-patched-linux-x86_64 1.0.1 1.73 21.57 23.30 NOTE
r-release-linux-x86_64 1.0.1 1.60 21.47 23.07 NOTE
r-release-macos-arm64 1.0.1 14.00 NOTE
r-release-macos-x86_64 1.0.1 21.00 NOTE
r-release-windows-x86_64 1.0.1 8.00 47.00 55.00 NOTE
r-oldrel-macos-arm64 1.0.1 19.00 NOTE
r-oldrel-macos-x86_64 1.0.1 27.00 NOTE
r-oldrel-windows-ix86+x86_64 1.0.1 9.00 45.00 54.00 NOTE

Check Details

Version: 1.0.1
Check: LazyData
Result: NOTE
     'LazyData' is specified without a 'data' directory
Flavors: r-devel-linux-x86_64-debian-clang, r-devel-linux-x86_64-debian-gcc, r-devel-linux-x86_64-fedora-clang, r-devel-linux-x86_64-fedora-gcc, r-devel-windows-x86_64, r-patched-linux-x86_64, r-release-linux-x86_64, r-release-macos-arm64, r-release-macos-x86_64, r-release-windows-x86_64, r-oldrel-macos-arm64, r-oldrel-macos-x86_64, r-oldrel-windows-ix86+x86_64