Last updated on 2022-05-22 03:51:34 CEST.
Flavor | Version | Tinstall | Tcheck | Ttotal | Status | Flags |
---|---|---|---|---|---|---|
r-devel-linux-x86_64-debian-clang | 1.1.0 | 67.41 | 78.35 | 145.76 | NOTE | |
r-devel-linux-x86_64-debian-gcc | 1.1.0 | 51.09 | 58.57 | 109.66 | NOTE | |
r-devel-linux-x86_64-fedora-clang | 1.1.0 | 182.89 | NOTE | |||
r-devel-linux-x86_64-fedora-gcc | 1.1.0 | 170.03 | NOTE | |||
r-devel-windows-x86_64 | 1.1.0 | 58.00 | 114.00 | 172.00 | OK | |
r-patched-linux-x86_64 | 1.1.0 | 55.75 | 74.01 | 129.76 | OK | |
r-release-linux-x86_64 | 1.1.0 | 55.76 | 72.99 | 128.75 | OK | |
r-release-macos-arm64 | 1.1.0 | 47.00 | NOTE | |||
r-release-macos-x86_64 | 1.1.0 | 59.00 | NOTE | |||
r-release-windows-x86_64 | 1.1.0 | 49.00 | 114.00 | 163.00 | OK | |
r-oldrel-macos-arm64 | 1.1.0 | 48.00 | NOTE | |||
r-oldrel-macos-x86_64 | 1.1.0 | 65.00 | NOTE | |||
r-oldrel-windows-ix86+x86_64 | 1.1.0 | 136.00 | 136.00 | 272.00 | OK |
Version: 1.1.0
Check: package dependencies
Result: NOTE
Package suggested but not available for checking: 'MomTrunc'
Flavors: r-devel-linux-x86_64-debian-clang, r-devel-linux-x86_64-debian-gcc, r-devel-linux-x86_64-fedora-clang, r-devel-linux-x86_64-fedora-gcc
Version: 1.1.0
Check: installed package size
Result: NOTE
installed size is 6.4Mb
sub-directories of 1Mb or more:
libs 6.2Mb
Flavors: r-release-macos-arm64, r-release-macos-x86_64, r-oldrel-macos-arm64, r-oldrel-macos-x86_64