Last updated on 2023-03-27 03:53:52 CEST.
Flavor | Version | Tinstall | Tcheck | Ttotal | Status | Flags |
---|---|---|---|---|---|---|
r-devel-linux-x86_64-debian-clang | 1.2.0 | 49.74 | 67.40 | 117.14 | NOTE | |
r-devel-linux-x86_64-debian-gcc | 1.2.0 | 43.62 | 50.80 | 94.42 | NOTE | |
r-devel-linux-x86_64-fedora-clang | 1.2.0 | 171.97 | NOTE | |||
r-devel-linux-x86_64-fedora-gcc | 1.2.0 | 161.63 | NOTE | |||
r-patched-linux-x86_64 | 1.2.0 | 45.88 | 64.78 | 110.66 | NOTE | |
r-release-linux-x86_64 | 1.2.0 | 48.16 | 65.30 | 113.46 | OK | |
r-release-macos-arm64 | 1.2.0 | 55.00 | NOTE | |||
r-release-macos-x86_64 | 1.2.0 | 59.00 | NOTE | |||
r-release-windows-x86_64 | 1.2.0 | 62.00 | 123.00 | 185.00 | OK | |
r-oldrel-macos-arm64 | 1.2.0 | 50.00 | NOTE | |||
r-oldrel-macos-x86_64 | 1.2.0 | 59.00 | NOTE | |||
r-oldrel-windows-ix86+x86_64 | 1.2.0 | 136.00 | 134.00 | 270.00 | OK |
Version: 1.2.0
Check: C++ specification
Result: NOTE
Specified C++11: please drop specification unless essential
Flavors: r-devel-linux-x86_64-debian-clang, r-devel-linux-x86_64-debian-gcc, r-devel-linux-x86_64-fedora-clang, r-devel-linux-x86_64-fedora-gcc, r-patched-linux-x86_64
Version: 1.2.0
Check: package subdirectories
Result: NOTE
Problems with news in ‘NEWS.md’:
No news entries found.
Flavors: r-devel-linux-x86_64-debian-clang, r-devel-linux-x86_64-debian-gcc, r-devel-linux-x86_64-fedora-clang, r-devel-linux-x86_64-fedora-gcc, r-patched-linux-x86_64
Version: 1.2.0
Check: installed package size
Result: NOTE
installed size is 6.7Mb
sub-directories of 1Mb or more:
libs 6.5Mb
Flavors: r-release-macos-arm64, r-release-macos-x86_64, r-oldrel-macos-arm64, r-oldrel-macos-x86_64