CRAN Package Check Results for Package registr

Last updated on 2024-07-13 03:49:26 CEST.

Flavor Version Tinstall Tcheck Ttotal Status Flags
r-devel-linux-x86_64-debian-clang 2.1.0 76.03 910.62 986.65 NOTE
r-devel-linux-x86_64-debian-gcc 2.1.0 52.40 695.10 747.50 NOTE
r-devel-linux-x86_64-fedora-clang 2.1.0 1211.68 NOTE
r-devel-linux-x86_64-fedora-gcc 2.1.0 1285.94 NOTE
r-devel-windows-x86_64 2.1.0 59.00 876.00 935.00 NOTE
r-patched-linux-x86_64 2.1.0 68.12 889.26 957.38 NOTE
r-release-linux-x86_64 2.1.0 42.98 904.13 947.11 NOTE
r-release-macos-arm64 2.1.0 377.00 NOTE
r-release-macos-x86_64 2.1.0 543.00 NOTE
r-release-windows-x86_64 2.1.0 61.00 899.00 960.00 NOTE
r-oldrel-macos-arm64 2.1.0 410.00 NOTE
r-oldrel-macos-x86_64 2.1.0 628.00 NOTE
r-oldrel-windows-x86_64 2.1.0 75.00 954.00 1029.00 NOTE

Check Details

Version: 2.1.0
Check: C++ specification
Result: NOTE Specified C++11: please drop specification unless essential Flavors: r-devel-linux-x86_64-debian-clang, r-devel-linux-x86_64-debian-gcc, r-devel-linux-x86_64-fedora-clang, r-devel-linux-x86_64-fedora-gcc, r-devel-windows-x86_64, r-patched-linux-x86_64, r-release-linux-x86_64, r-release-macos-arm64, r-release-macos-x86_64, r-release-windows-x86_64, r-oldrel-macos-arm64, r-oldrel-macos-x86_64, r-oldrel-windows-x86_64

Version: 2.1.0
Check: Rd cross-references
Result: NOTE Found the following Rd file(s) with Rd \link{} targets missing package anchors: gfpca_twoStep.Rd: gamm4 Please provide package anchors for all Rd \link{} targets not in the package itself and the base packages. Flavor: r-devel-windows-x86_64