Last updated on 2023-01-31 15:56:00 CET.
Flavor | Version | Tinstall | Tcheck | Ttotal | Status | Flags |
---|---|---|---|---|---|---|
r-devel-linux-x86_64-debian-clang | 0.5.4 | 62.65 | 110.88 | 173.53 | NOTE | |
r-devel-linux-x86_64-debian-gcc | 0.5.4 | 54.65 | 81.21 | 135.86 | NOTE | |
r-devel-linux-x86_64-fedora-clang | 0.5.4 | 243.79 | NOTE | |||
r-devel-linux-x86_64-fedora-gcc | 0.5.4 | 255.46 | NOTE | |||
r-devel-windows-x86_64 | 0.5.4 | 82.00 | 167.00 | 249.00 | NOTE | |
r-patched-linux-x86_64 | 0.5.4 | 59.39 | 106.05 | 165.44 | OK | |
r-release-linux-x86_64 | 0.5.4 | 54.56 | 103.51 | 158.07 | OK | |
r-release-macos-arm64 | 0.5.4 | 65.00 | NOTE | |||
r-release-macos-x86_64 | 0.5.4 | 83.00 | NOTE | |||
r-release-windows-x86_64 | 0.5.4 | 93.00 | 176.00 | 269.00 | NOTE | |
r-oldrel-macos-arm64 | 0.5.4 | 61.00 | NOTE | |||
r-oldrel-macos-x86_64 | 0.5.4 | 87.00 | NOTE | |||
r-oldrel-windows-ix86+x86_64 | 0.5.4 | 163.00 | 191.00 | 354.00 | NOTE |
Version: 0.5.4
Check: C++ specification
Result: NOTE
Specified C++11: please update to current default of C++17
Flavors: r-devel-linux-x86_64-debian-clang, r-devel-linux-x86_64-debian-gcc, r-devel-linux-x86_64-fedora-clang, r-devel-linux-x86_64-fedora-gcc, r-devel-windows-x86_64
Version: 0.5.4
Check: installed package size
Result: NOTE
installed size is 5.0Mb
sub-directories of 1Mb or more:
doc 3.3Mb
libs 1.1Mb
Flavors: r-devel-windows-x86_64, r-release-macos-arm64, r-release-macos-x86_64, r-release-windows-x86_64, r-oldrel-macos-arm64, r-oldrel-macos-x86_64, r-oldrel-windows-ix86+x86_64