Last updated on 2022-08-07 15:55:58 CEST.
Flavor | Version | Tinstall | Tcheck | Ttotal | Status | Flags |
---|---|---|---|---|---|---|
r-devel-linux-x86_64-debian-clang | 0.1.0 | 5.49 | 171.48 | 176.97 | OK | |
r-devel-linux-x86_64-debian-gcc | 0.1.0 | 3.37 | 123.88 | 127.25 | OK | |
r-devel-linux-x86_64-fedora-clang | 0.1.0 | 216.79 | NOTE | |||
r-devel-linux-x86_64-fedora-gcc | 0.1.0 | 212.09 | OK | |||
r-devel-windows-x86_64 | 0.1.0 | 75.00 | 212.00 | 287.00 | OK | |
r-patched-linux-x86_64 | 0.1.0 | 7.15 | 177.87 | 185.02 | OK | |
r-release-linux-x86_64 | 0.1.0 | 4.11 | 176.68 | 180.79 | OK | |
r-release-macos-arm64 | 0.1.0 | 94.00 | OK | |||
r-release-macos-x86_64 | 0.1.0 | 142.00 | OK | |||
r-release-windows-x86_64 | 0.1.0 | 79.00 | 209.00 | 288.00 | OK | |
r-oldrel-macos-arm64 | 0.1.0 | 76.00 | OK | |||
r-oldrel-macos-x86_64 | 0.1.0 | 120.00 | OK | |||
r-oldrel-windows-ix86+x86_64 | 0.1.0 | 12.00 | 235.00 | 247.00 | OK |
Version: 0.1.0
Check: Rd cross-references
Result: NOTE
Undeclared package ‘jpeg’ in Rd xrefs
Flavor: r-devel-linux-x86_64-fedora-clang