CRAN Package Check Results for Package recmap

Last updated on 2022-06-25 15:51:30 CEST.

Flavor Version Tinstall Tcheck Ttotal Status Flags
r-devel-linux-x86_64-debian-clang 1.0.11 24.67 199.27 223.94 OK
r-devel-linux-x86_64-debian-gcc 1.0.11 20.05 138.57 158.62 OK
r-devel-linux-x86_64-fedora-clang 1.0.11 264.52 NOTE
r-devel-linux-x86_64-fedora-gcc 1.0.11 247.80 NOTE
r-devel-windows-x86_64 1.0.11 39.00 195.00 234.00 OK
r-patched-linux-x86_64 1.0.11 24.01 175.68 199.69 OK
r-release-linux-x86_64 1.0.11 21.43 173.20 194.63 OK
r-release-macos-arm64 1.0.11 41.00 NOTE
r-release-macos-x86_64 1.0.11 65.00 NOTE
r-release-windows-x86_64 1.0.11 44.00 192.00 236.00 OK
r-oldrel-macos-arm64 1.0.11 36.00 NOTE
r-oldrel-macos-x86_64 1.0.11 62.00 NOTE
r-oldrel-windows-ix86+x86_64 1.0.11 60.00 284.00 344.00 OK

Check Details

Version: 1.0.11
Check: data for non-ASCII characters
Result: NOTE
     Note: found 1036 marked UTF-8 strings
Flavors: r-devel-linux-x86_64-fedora-clang, r-devel-linux-x86_64-fedora-gcc, r-release-macos-arm64, r-release-macos-x86_64, r-oldrel-macos-arm64, r-oldrel-macos-x86_64