CRAN Package Check Results for Package rechonest

Last updated on 2024-06-15 15:49:15 CEST.

Flavor Version Tinstall Tcheck Ttotal Status Flags
r-devel-linux-x86_64-debian-clang 1.2 4.64 37.21 41.85 NOTE
r-devel-linux-x86_64-debian-gcc 1.2 3.17 28.09 31.26 NOTE
r-devel-linux-x86_64-fedora-clang 1.2 50.96 NOTE
r-devel-linux-x86_64-fedora-gcc 1.2 48.69 NOTE
r-devel-windows-x86_64 1.2 5.00 51.00 56.00 NOTE
r-patched-linux-x86_64 1.2 4.73 36.08 40.81 NOTE
r-release-linux-x86_64 1.2 4.20 34.88 39.08 NOTE
r-release-macos-arm64 1.2 20.00 NOTE
r-release-macos-x86_64 1.2 25.00 NOTE
r-release-windows-x86_64 1.2 5.00 52.00 57.00 NOTE
r-oldrel-macos-arm64 1.2 20.00 NOTE
r-oldrel-macos-x86_64 1.2 24.00 NOTE
r-oldrel-windows-x86_64 1.2 5.00 56.00 61.00 NOTE

Check Details

Version: 1.2
Check: LazyData
Result: NOTE 'LazyData' is specified without a 'data' directory Flavors: r-devel-linux-x86_64-debian-clang, r-devel-linux-x86_64-debian-gcc, r-devel-linux-x86_64-fedora-clang, r-devel-linux-x86_64-fedora-gcc, r-devel-windows-x86_64, r-patched-linux-x86_64, r-release-linux-x86_64, r-release-macos-arm64, r-release-macos-x86_64, r-release-windows-x86_64, r-oldrel-macos-arm64, r-oldrel-macos-x86_64, r-oldrel-windows-x86_64