CRAN Package Check Results for Package readtext

Last updated on 2020-09-28 03:47:51 CEST.

Flavor Version Tinstall Tcheck Ttotal Status Flags
r-devel-linux-x86_64-debian-clang 0.80 5.37 61.97 67.34 OK
r-devel-linux-x86_64-debian-gcc 0.80 3.71 47.47 51.18 OK
r-devel-linux-x86_64-fedora-clang 0.80 88.65 NOTE
r-devel-linux-x86_64-fedora-gcc 0.80 85.97 NOTE
r-devel-windows-ix86+x86_64 0.80 10.00 67.00 77.00 OK
r-patched-linux-x86_64 0.80 4.57 59.73 64.30 OK
r-patched-solaris-x86 0.80 155.20 WARN
r-release-linux-x86_64 0.80 5.07 61.16 66.23 OK
r-release-macos-x86_64 0.80 NOTE
r-release-windows-ix86+x86_64 0.80 9.00 71.00 80.00 OK
r-oldrel-macos-x86_64 0.80 NOTE
r-oldrel-windows-ix86+x86_64 0.80 7.00 68.00 75.00 OK

Check Details

Version: 0.80
Check: data for non-ASCII characters
Result: NOTE
     Note: found 1 marked Latin-1 string
     Note: found 1 marked UTF-8 string
     Note: found 7 strings marked as "bytes"
Flavors: r-devel-linux-x86_64-fedora-clang, r-devel-linux-x86_64-fedora-gcc, r-patched-solaris-x86, r-release-macos-x86_64, r-oldrel-macos-x86_64

Version: 0.80
Check: re-building of vignette outputs
Result: WARN
    Error(s) in re-building vignettes:
     ...
    --- re-building ‘readtext_vignette.Rmd’ using rmarkdown
    Warning in engine$weave(file, quiet = quiet, encoding = enc) :
     Pandoc (>= 1.12.3) and/or pandoc-citeproc not available. Falling back to R Markdown v1.
    Loading required package: quanteda
    Package version: 2.1.2
    Parallel computing: 2 of 16 threads used.
    See https://quanteda.io for tutorials and examples.
    
    Attaching package: 'quanteda'
    
    The following object is masked from 'package:utils':
    
     View
    
    Quitting from lines 146-152 (readtext_vignette.Rmd)
    Error: processing vignette 'readtext_vignette.Rmd' failed with diagnostics:
    error in evaluating the argument 'x' in selecting a method for function 'as.list': error in evaluating the argument 'x' in selecting a method for function 'which': Illegal argument. (U_ILLEGAL_ARGUMENT_ERROR, context=`^\p{emoji_presentation}+$`)
    --- failed re-building ‘readtext_vignette.Rmd’
    
    SUMMARY: processing the following file failed:
     ‘readtext_vignette.Rmd’
    
    Error: Vignette re-building failed.
    Execution halted
Flavor: r-patched-solaris-x86