CRAN Package Check Results for Package readr

Last updated on 2020-09-26 03:47:21 CEST.

Flavor Version Tinstall Tcheck Ttotal Status Flags
r-devel-linux-x86_64-debian-clang 1.3.1 267.50 63.49 330.99 ERROR
r-devel-linux-x86_64-debian-gcc 1.3.1 200.24 48.35 248.59 ERROR
r-devel-linux-x86_64-fedora-clang 1.3.1 505.34 ERROR
r-devel-linux-x86_64-fedora-gcc 1.3.1 439.60 ERROR
r-devel-windows-ix86+x86_64 1.3.1 744.00 133.00 877.00 ERROR
r-patched-linux-x86_64 1.3.1 208.65 61.42 270.07 NOTE
r-patched-solaris-x86 1.3.1 420.00 WARN
r-release-linux-x86_64 1.3.1 207.72 61.21 268.93 NOTE
r-release-macos-x86_64 1.3.1 NOTE
r-release-windows-ix86+x86_64 1.3.1 646.00 144.00 790.00 NOTE
r-oldrel-macos-x86_64 1.3.1 NOTE
r-oldrel-windows-ix86+x86_64 1.3.1 653.00 131.00 784.00 NOTE

Check Details

Version: 1.3.1
Check: for GNU extensions in Makefiles
Result: NOTE
    GNU make is a SystemRequirements.
Flavors: r-devel-linux-x86_64-debian-clang, r-devel-linux-x86_64-debian-gcc, r-devel-linux-x86_64-fedora-clang, r-devel-linux-x86_64-fedora-gcc, r-devel-windows-ix86+x86_64, r-patched-linux-x86_64, r-patched-solaris-x86, r-release-linux-x86_64, r-release-macos-x86_64, r-release-windows-ix86+x86_64, r-oldrel-macos-x86_64, r-oldrel-windows-ix86+x86_64

Version: 1.3.1
Check: tests
Result: ERROR
     Running 'spelling.R' [0s/0s]
     Running 'testthat.R' [6s/7s]
    Running the tests in 'tests/testthat.R' failed.
    Complete output:
     > library(testthat)
     > library(readr)
     >
     > test_check("readr")
     -- 1. Failure: NAs included in levels if desired (@test-parsing-factors.R#56) -
     `x` not equal to factor(c("NA", "b", "a"), levels = c(NA, "b", "a"), exclude = NULL).
     1, NA mismatch
    
     == testthat results ===========================================================
     [ OK: 734 | SKIPPED: 6 | WARNINGS: 1 | FAILED: 1 ]
     1. Failure: NAs included in levels if desired (@test-parsing-factors.R#56)
    
     Error: testthat unit tests failed
     Execution halted
Flavor: r-devel-linux-x86_64-debian-clang

Version: 1.3.1
Check: tests
Result: ERROR
     Running ‘spelling.R’ [0s/1s]
     Running ‘testthat.R’ [5s/7s]
    Running the tests in ‘tests/testthat.R’ failed.
    Complete output:
     > library(testthat)
     > library(readr)
     >
     > test_check("readr")
     ── 1. Failure: NAs included in levels if desired (@test-parsing-factors.R#56) ─
     `x` not equal to factor(c("NA", "b", "a"), levels = c(NA, "b", "a"), exclude = NULL).
     1, NA mismatch
    
     ══ testthat results ═══════════════════════════════════════════════════════════
     [ OK: 734 | SKIPPED: 6 | WARNINGS: 1 | FAILED: 1 ]
     1. Failure: NAs included in levels if desired (@test-parsing-factors.R#56)
    
     Error: testthat unit tests failed
     Execution halted
Flavor: r-devel-linux-x86_64-debian-gcc

Version: 1.3.1
Check: installed package size
Result: NOTE
     installed size is 11.4Mb
     sub-directories of 1Mb or more:
     libs 10.6Mb
Flavor: r-devel-linux-x86_64-fedora-clang

Version: 1.3.1
Check: tests
Result: ERROR
     Running ‘spelling.R’
     Running ‘testthat.R’
    Running the tests in ‘tests/testthat.R’ failed.
    Complete output:
     > library(testthat)
     > library(readr)
     >
     > test_check("readr")
     ── 1. Failure: NAs included in levels if desired (@test-parsing-factors.R#56) ─
     `x` not equal to factor(c("NA", "b", "a"), levels = c(NA, "b", "a"), exclude = NULL).
     1, NA mismatch
    
     ══ testthat results ═══════════════════════════════════════════════════════════
     [ OK: 734 | SKIPPED: 6 | WARNINGS: 1 | FAILED: 1 ]
     1. Failure: NAs included in levels if desired (@test-parsing-factors.R#56)
    
     Error: testthat unit tests failed
     Execution halted
Flavors: r-devel-linux-x86_64-fedora-clang, r-devel-linux-x86_64-fedora-gcc

Version: 1.3.1
Check: running tests for arch ‘i386’
Result: ERROR
     Running 'spelling.R' [0s]
     Running 'testthat.R' [7s]
    Running the tests in 'tests/testthat.R' failed.
    Complete output:
     > library(testthat)
     > library(readr)
     >
     > test_check("readr")
     -- 1. Failure: NAs included in levels if desired (@test-parsing-factors.R#56) -
     `x` not equal to factor(c("NA", "b", "a"), levels = c(NA, "b", "a"), exclude = NULL).
     1, NA mismatch
    
     == testthat results ===========================================================
     [ OK: 734 | SKIPPED: 6 | WARNINGS: 3 | FAILED: 1 ]
     1. Failure: NAs included in levels if desired (@test-parsing-factors.R#56)
    
     Error: testthat unit tests failed
     Execution halted
Flavor: r-devel-windows-ix86+x86_64

Version: 1.3.1
Check: running tests for arch ‘x64’
Result: ERROR
     Running 'spelling.R' [0s]
     Running 'testthat.R' [7s]
    Running the tests in 'tests/testthat.R' failed.
    Complete output:
     > library(testthat)
     > library(readr)
     >
     > test_check("readr")
     -- 1. Failure: NAs included in levels if desired (@test-parsing-factors.R#56) -
     `x` not equal to factor(c("NA", "b", "a"), levels = c(NA, "b", "a"), exclude = NULL).
     1, NA mismatch
    
     == testthat results ===========================================================
     [ OK: 734 | SKIPPED: 6 | WARNINGS: 3 | FAILED: 1 ]
     1. Failure: NAs included in levels if desired (@test-parsing-factors.R#56)
    
     Error: testthat unit tests failed
     Execution halted
Flavor: r-devel-windows-ix86+x86_64

Version: 1.3.1
Check: for unstated dependencies in ‘tests’
Result: WARN
    Warning in deparse(e[[2L]]) :
     it is not known that wchar_t is Unicode on this platform
    Warning in deparse(e[[2L]]) :
     it is not known that wchar_t is Unicode on this platform
    Warning in deparse(e[[2L]]) :
     it is not known that wchar_t is Unicode on this platform
    Warning in deparse(e[[2L]]) :
     it is not known that wchar_t is Unicode on this platform
Flavor: r-patched-solaris-x86