CRAN Package Check Results for Package readr

Last updated on 2022-11-30 02:52:42 CET.

Flavor Version Tinstall Tcheck Ttotal Status Flags
r-devel-linux-x86_64-debian-clang 2.1.3 68.28 154.87 223.15 OK
r-devel-linux-x86_64-debian-gcc 2.1.3 61.27 101.81 163.08 OK
r-devel-linux-x86_64-fedora-clang 2.1.3 309.88 NOTE
r-devel-linux-x86_64-fedora-gcc 2.1.3 273.47 OK
r-devel-windows-x86_64 2.1.3 119.00 204.00 323.00 OK
r-patched-linux-x86_64 2.1.3 79.39 124.52 203.91 OK
r-release-linux-x86_64 2.1.3 65.08 123.39 188.47 OK
r-release-macos-arm64 2.1.3 90.00 NOTE
r-release-macos-x86_64 2.1.3 118.00 NOTE
r-release-windows-x86_64 2.1.3 135.00 203.00 338.00 OK
r-oldrel-macos-arm64 2.1.3 96.00 NOTE
r-oldrel-macos-x86_64 2.1.3 122.00 NOTE
r-oldrel-windows-ix86+x86_64 2.1.3 203.00 273.00 476.00 OK

Check Details

Version: 2.1.3
Check: Rd cross-references
Result: NOTE
    Undeclared packages ‘tidyselect’, ‘vctrs’ in Rd xrefs
Flavor: r-devel-linux-x86_64-fedora-clang

Version: 2.1.3
Check: installed package size
Result: NOTE
     installed size is 5.3Mb
     sub-directories of 1Mb or more:
     libs 4.3Mb
Flavors: r-release-macos-arm64, r-release-macos-x86_64, r-oldrel-macos-arm64, r-oldrel-macos-x86_64