CRAN Package Check Results for Package readit

Last updated on 2022-06-27 15:53:52 CEST.

Flavor Version Tinstall Tcheck Ttotal Status Flags
r-devel-linux-x86_64-debian-clang 1.0.0 4.82 52.86 57.68 NOTE
r-devel-linux-x86_64-debian-gcc 1.0.0 3.44 39.21 42.65 NOTE
r-devel-linux-x86_64-fedora-clang 1.0.0 78.40 NOTE
r-devel-linux-x86_64-fedora-gcc 1.0.0 77.61 NOTE
r-devel-windows-x86_64 1.0.0 17.00 74.00 91.00 NOTE
r-patched-linux-x86_64 1.0.0 5.40 49.62 55.02 NOTE
r-release-linux-x86_64 1.0.0 3.14 48.90 52.04 NOTE
r-release-macos-arm64 1.0.0 26.00 NOTE
r-release-macos-x86_64 1.0.0 42.00 NOTE
r-release-windows-x86_64 1.0.0 11.00 74.00 85.00 NOTE
r-oldrel-macos-arm64 1.0.0 26.00 NOTE
r-oldrel-macos-x86_64 1.0.0 33.00 NOTE
r-oldrel-windows-ix86+x86_64 1.0.0 12.00 71.00 83.00 NOTE

Check Details

Version: 1.0.0
Check: LazyData
Result: NOTE
     'LazyData' is specified without a 'data' directory
Flavors: r-devel-linux-x86_64-debian-clang, r-devel-linux-x86_64-debian-gcc, r-devel-linux-x86_64-fedora-clang, r-devel-linux-x86_64-fedora-gcc, r-devel-windows-x86_64, r-patched-linux-x86_64, r-release-linux-x86_64, r-release-macos-arm64, r-release-macos-x86_64, r-release-windows-x86_64, r-oldrel-macos-arm64, r-oldrel-macos-x86_64, r-oldrel-windows-ix86+x86_64