CRAN Package Check Results for Package readOffice

Last updated on 2022-08-16 04:53:47 CEST.

Flavor Version Tinstall Tcheck Ttotal Status Flags
r-devel-linux-x86_64-debian-clang 0.2.2 2.38 23.69 26.07 NOTE
r-devel-linux-x86_64-debian-gcc 0.2.2 1.56 18.12 19.68 NOTE
r-devel-linux-x86_64-fedora-clang 0.2.2 42.42 NOTE
r-devel-linux-x86_64-fedora-gcc 0.2.2 40.33 NOTE
r-devel-windows-x86_64 0.2.2 13.00 47.00 60.00 NOTE
r-patched-linux-x86_64 0.2.2 1.86 22.60 24.46 NOTE
r-release-linux-x86_64 0.2.2 1.56 23.09 24.65 NOTE
r-release-macos-arm64 0.2.2 14.00 NOTE
r-release-macos-x86_64 0.2.2 20.00 NOTE
r-release-windows-x86_64 0.2.2 9.00 46.00 55.00 NOTE
r-oldrel-macos-arm64 0.2.2 20.00 NOTE
r-oldrel-macos-x86_64 0.2.2 24.00 NOTE
r-oldrel-windows-ix86+x86_64 0.2.2 5.00 48.00 53.00 NOTE

Check Details

Version: 0.2.2
Check: LazyData
Result: NOTE
     'LazyData' is specified without a 'data' directory
Flavors: r-devel-linux-x86_64-debian-clang, r-devel-linux-x86_64-debian-gcc, r-devel-linux-x86_64-fedora-clang, r-devel-linux-x86_64-fedora-gcc, r-devel-windows-x86_64, r-patched-linux-x86_64, r-release-linux-x86_64, r-release-macos-arm64, r-release-macos-x86_64, r-release-windows-x86_64, r-oldrel-macos-arm64, r-oldrel-macos-x86_64, r-oldrel-windows-ix86+x86_64