CRAN Package Check Results for Package reactR

Last updated on 2022-08-09 15:56:24 CEST.

Flavor Version Tinstall Tcheck Ttotal Status Flags
r-devel-linux-x86_64-debian-clang 0.4.4 3.23 36.69 39.92 NOTE
r-devel-linux-x86_64-debian-gcc 0.4.4 2.26 28.32 30.58 NOTE
r-devel-linux-x86_64-fedora-clang 0.4.4 58.05 NOTE
r-devel-linux-x86_64-fedora-gcc 0.4.4 55.90 NOTE
r-devel-windows-x86_64 0.4.4 22.00 79.00 101.00 NOTE
r-patched-linux-x86_64 0.4.4 2.96 35.35 38.31 NOTE
r-release-linux-x86_64 0.4.4 NOTE
r-release-macos-arm64 0.4.4 22.00 NOTE
r-release-macos-x86_64 0.4.4 29.00 NOTE
r-release-windows-x86_64 0.4.4 32.00 76.00 108.00 NOTE
r-oldrel-macos-arm64 0.4.4 23.00 NOTE
r-oldrel-macos-x86_64 0.4.4 35.00 NOTE
r-oldrel-windows-ix86+x86_64 0.4.4 7.00 58.00 65.00 NOTE

Check Details

Version: 0.4.4
Check: LazyData
Result: NOTE
     'LazyData' is specified without a 'data' directory
Flavors: r-devel-linux-x86_64-debian-clang, r-devel-linux-x86_64-debian-gcc, r-devel-linux-x86_64-fedora-clang, r-devel-linux-x86_64-fedora-gcc, r-devel-windows-x86_64, r-patched-linux-x86_64, r-release-linux-x86_64, r-release-macos-arm64, r-release-macos-x86_64, r-release-windows-x86_64, r-oldrel-macos-arm64, r-oldrel-macos-x86_64, r-oldrel-windows-ix86+x86_64