Last updated on 2023-01-29 16:55:07 CET.
Flavor | Version | Tinstall | Tcheck | Ttotal | Status | Flags |
---|---|---|---|---|---|---|
r-devel-linux-x86_64-debian-clang | 0.1.0 | 31.41 | 271.69 | 303.10 | NOTE | |
r-devel-linux-x86_64-debian-gcc | 0.1.0 | 23.81 | 196.06 | 219.87 | NOTE | |
r-devel-linux-x86_64-fedora-clang | 0.1.0 | 366.19 | NOTE | |||
r-devel-linux-x86_64-fedora-gcc | 0.1.0 | 363.03 | NOTE | |||
r-devel-windows-x86_64 | 0.1.0 | 37.00 | 246.00 | 283.00 | NOTE | |
r-patched-linux-x86_64 | 0.1.0 | 31.21 | 262.37 | 293.58 | NOTE | |
r-release-linux-x86_64 | 0.1.0 | 24.89 | 262.72 | 287.61 | NOTE | |
r-release-macos-arm64 | 0.1.0 | 68.00 | NOTE | |||
r-release-macos-x86_64 | 0.1.0 | 100.00 | NOTE | |||
r-release-windows-x86_64 | 0.1.0 | 45.00 | 246.00 | 291.00 | NOTE | |
r-oldrel-macos-arm64 | 0.1.0 | 36.00 | NOTE | |||
r-oldrel-macos-x86_64 | 0.1.0 | 69.00 | NOTE | |||
r-oldrel-windows-ix86+x86_64 | 0.1.0 | 65.00 | 262.00 | 327.00 | NOTE |
Version: 0.1.0
Check: LazyData
Result: NOTE
'LazyData' is specified without a 'data' directory
Flavors: r-devel-linux-x86_64-debian-clang, r-devel-linux-x86_64-debian-gcc, r-devel-linux-x86_64-fedora-clang, r-devel-linux-x86_64-fedora-gcc, r-devel-windows-x86_64, r-patched-linux-x86_64, r-release-linux-x86_64, r-release-macos-arm64, r-release-macos-x86_64, r-release-windows-x86_64, r-oldrel-macos-arm64, r-oldrel-macos-x86_64, r-oldrel-windows-ix86+x86_64