CRAN Package Check Results for Package rdoc

Last updated on 2020-09-22 16:02:38 CEST.

Flavor Version Tinstall Tcheck Ttotal Status Flags
r-devel-linux-x86_64-debian-clang 0.1.0 4.64 37.80 42.44 OK
r-devel-linux-x86_64-debian-gcc 0.1.0 3.50 30.42 33.92 OK
r-devel-linux-x86_64-fedora-clang 0.1.0 62.67 NOTE
r-devel-linux-x86_64-fedora-gcc 0.1.0 48.54 NOTE
r-devel-windows-ix86+x86_64 0.1.0 8.00 48.00 56.00 OK
r-patched-linux-x86_64 0.1.0 4.39 37.03 41.42 OK
r-patched-solaris-x86 0.1.0 70.90 NOTE
r-release-linux-x86_64 0.1.0 4.15 38.34 42.49 OK
r-release-macos-x86_64 0.1.0 NOTE
r-release-windows-ix86+x86_64 0.1.0 8.00 52.00 60.00 OK
r-oldrel-macos-x86_64 0.1.0 NOTE
r-oldrel-windows-ix86+x86_64 0.1.0 5.00 59.00 64.00 OK

Check Details

Version: 0.1.0
Check: dependencies in R code
Result: NOTE
    Namespace in Imports field not imported from: ‘R6’
     All declared Imports should be used.
Flavors: r-devel-linux-x86_64-fedora-clang, r-devel-linux-x86_64-fedora-gcc, r-patched-solaris-x86, r-release-macos-x86_64, r-oldrel-macos-x86_64