CRAN Package Check Results for Package rdi

Last updated on 2022-09-27 03:56:01 CEST.

Flavor Version Tinstall Tcheck Ttotal Status Flags
r-devel-linux-x86_64-debian-clang 1.0.0 3.41 43.32 46.73 NOTE
r-devel-linux-x86_64-debian-gcc 1.0.0 2.49 32.13 34.62 NOTE
r-devel-linux-x86_64-fedora-clang 1.0.0 68.42 NOTE
r-devel-linux-x86_64-fedora-gcc 1.0.0 64.16 NOTE
r-devel-windows-x86_64 1.0.0 9.00 68.00 77.00 NOTE
r-patched-linux-x86_64 1.0.0 2.90 41.45 44.35 NOTE
r-release-linux-x86_64 1.0.0 2.25 40.61 42.86 NOTE
r-release-macos-arm64 1.0.0 20.00 NOTE
r-release-macos-x86_64 1.0.0 29.00 NOTE
r-release-windows-x86_64 1.0.0 8.00 84.00 92.00 NOTE
r-oldrel-macos-arm64 1.0.0 24.00 NOTE
r-oldrel-macos-x86_64 1.0.0 39.00 NOTE
r-oldrel-windows-ix86+x86_64 1.0.0 7.00 65.00 72.00 NOTE

Check Details

Version: 1.0.0
Check: LazyData
Result: NOTE
     'LazyData' is specified without a 'data' directory
Flavors: r-devel-linux-x86_64-debian-clang, r-devel-linux-x86_64-debian-gcc, r-devel-linux-x86_64-fedora-clang, r-devel-linux-x86_64-fedora-gcc, r-devel-windows-x86_64, r-patched-linux-x86_64, r-release-linux-x86_64, r-release-macos-arm64, r-release-macos-x86_64, r-release-windows-x86_64, r-oldrel-macos-arm64, r-oldrel-macos-x86_64, r-oldrel-windows-ix86+x86_64