CRAN Package Check Results for Package rddtools

Last updated on 2022-06-25 03:51:07 CEST.

Flavor Version Tinstall Tcheck Ttotal Status Flags
r-devel-linux-x86_64-debian-clang 1.6.0 16.60 163.58 180.18 OK
r-devel-linux-x86_64-debian-gcc 1.6.0 13.16 120.82 133.98 OK
r-devel-linux-x86_64-fedora-clang 1.6.0 230.32 NOTE
r-devel-linux-x86_64-fedora-gcc 1.6.0 218.09 NOTE
r-devel-windows-x86_64 1.6.0 62.00 189.00 251.00 OK
r-patched-linux-x86_64 1.6.0 21.34 156.26 177.60 OK
r-release-linux-x86_64 1.6.0 15.39 154.77 170.16 OK
r-release-macos-arm64 1.6.0 70.00 NOTE
r-release-macos-x86_64 1.6.0 113.00 NOTE
r-release-windows-x86_64 1.6.0 51.00 186.00 237.00 OK
r-oldrel-macos-arm64 1.6.0 60.00 NOTE
r-oldrel-macos-x86_64 1.6.0 103.00 NOTE
r-oldrel-windows-ix86+x86_64 1.6.0 36.00 185.00 221.00 OK

Check Details

Version: 1.6.0
Check: dependencies in R code
Result: NOTE
    Namespace in Imports field not imported from: ‘rmarkdown’
     All declared Imports should be used.
Flavors: r-devel-linux-x86_64-fedora-clang, r-devel-linux-x86_64-fedora-gcc, r-release-macos-arm64, r-release-macos-x86_64, r-oldrel-macos-arm64, r-oldrel-macos-x86_64