CRAN Package Check Results for Package rcrimeanalysis

Last updated on 2020-08-13 15:51:17 CEST.

Flavor Version Tinstall Tcheck Ttotal Status Flags
r-devel-linux-x86_64-debian-clang 0.4.2 0.61 2.62 3.23 ERROR
r-devel-linux-x86_64-debian-gcc 0.4.2 14.00 113.57 127.57 OK
r-devel-linux-x86_64-fedora-clang 0.4.2 203.31 NOTE
r-devel-linux-x86_64-fedora-gcc 0.4.2 193.68 NOTE
r-devel-windows-ix86+x86_64 0.4.2 49.00 213.00 262.00 OK
r-patched-linux-x86_64 0.4.2 14.47 142.99 157.46 OK
r-patched-solaris-x86 0.4.2 310.40 NOTE
r-release-linux-x86_64 0.4.2 17.45 144.30 161.75 OK
r-release-macos-x86_64 0.4.2 NOTE
r-release-windows-ix86+x86_64 0.4.2 47.00 203.00 250.00 OK
r-oldrel-macos-x86_64 0.4.2 NOTE
r-oldrel-windows-ix86+x86_64 0.4.2 24.00 138.00 162.00 OK

Check Details

Version: 0.4.2
Check: package dependencies
Result: ERROR
    Package required but not available: 'ggmap'
    
    See section 'The DESCRIPTION file' in the 'Writing R Extensions'
    manual.
Flavor: r-devel-linux-x86_64-debian-clang

Version: 0.4.2
Check: dependencies in R code
Result: NOTE
    Namespaces in Imports field not imported from:
     ‘Rcpp’ ‘dplyr’
     All declared Imports should be used.
Flavors: r-devel-linux-x86_64-fedora-clang, r-devel-linux-x86_64-fedora-gcc, r-patched-solaris-x86, r-release-macos-x86_64, r-oldrel-macos-x86_64