CRAN Package Check Results for Package rchallenge

Last updated on 2021-09-19 03:51:25 CEST.

Flavor Version Tinstall Tcheck Ttotal Status Flags
r-devel-linux-x86_64-debian-clang 1.3.4 3.33 36.23 39.56 OK
r-devel-linux-x86_64-debian-gcc 1.3.4 2.38 28.18 30.56 OK
r-devel-linux-x86_64-fedora-clang 1.3.4 56.65 OK
r-devel-linux-x86_64-fedora-gcc 1.3.4 46.21 OK
r-devel-windows-x86_64 1.3.4 6.00 54.00 60.00 OK
r-devel-windows-x86_64-gcc10-UCRT 1.3.4 ERROR
r-patched-linux-x86_64 1.3.4 3.54 34.93 38.47 OK
r-patched-solaris-x86 1.3.4 63.50 OK
r-release-linux-x86_64 1.3.4 3.02 34.85 37.87 OK
r-release-macos-arm64 1.3.4 OK
r-release-macos-x86_64 1.3.4 OK
r-release-windows-ix86+x86_64 1.3.4 8.00 44.00 52.00 OK
r-oldrel-macos-x86_64 1.3.4 OK
r-oldrel-windows-ix86+x86_64 1.3.4 7.00 41.00 48.00 OK

Check Details

Version: 1.3.4
Check: whether package can be installed
Result: WARN
    Found the following significant warnings:
     WARNING: installation-time patches will not be applied, could not get the patches index
Flavor: r-devel-windows-x86_64-gcc10-UCRT

Version: 1.3.4
Check: PDF version of manual
Result: WARN
    LaTeX errors when creating PDF version.
    This typically indicates Rd problems.
Flavor: r-devel-windows-x86_64-gcc10-UCRT

Version: 1.3.4
Check: PDF version of manual without hyperrefs or index
Result: ERROR
    Re-running with no redirection of stdout/stderr.
Flavor: r-devel-windows-x86_64-gcc10-UCRT