CRAN Package Check Results for Package rcdk

Last updated on 2025-01-15 03:49:48 CET.

Flavor Version Tinstall Tcheck Ttotal Status Flags
r-devel-linux-x86_64-debian-clang 3.8.1 7.38 101.85 109.23 NOTE
r-devel-linux-x86_64-debian-gcc 3.8.1 4.81 79.77 84.58 NOTE
r-devel-linux-x86_64-fedora-clang 3.8.1 178.81 OK
r-devel-linux-x86_64-fedora-gcc 3.8.1 205.06 OK
r-devel-windows-x86_64 3.8.1 9.00 131.00 140.00 NOTE
r-patched-linux-x86_64 3.8.1 9.20 97.38 106.58 OK
r-release-linux-x86_64 3.8.1 7.68 96.61 104.29 OK
r-release-macos-arm64 3.8.1 56.00 OK
r-release-macos-x86_64 3.8.1 118.00 OK
r-release-windows-x86_64 3.8.1 8.00 118.00 126.00 OK
r-oldrel-macos-arm64 3.8.1 50.00 OK
r-oldrel-macos-x86_64 3.8.1 139.00 OK
r-oldrel-windows-x86_64 3.8.1 9.00 134.00 143.00 OK

Check Details

Version: 3.8.1
Check: Rd cross-references
Result: NOTE Found the following Rd file(s) with Rd \link{} targets missing package anchors: get.fingerprint.Rd: fingerprint-class, featvec-class Please provide package anchors for all Rd \link{} targets not in the package itself and the base packages. Flavors: r-devel-linux-x86_64-debian-clang, r-devel-linux-x86_64-debian-gcc, r-devel-windows-x86_64