Last updated on 2022-06-27 15:53:52 CEST.
Flavor | Version | Tinstall | Tcheck | Ttotal | Status | Flags |
---|---|---|---|---|---|---|
r-devel-linux-x86_64-debian-clang | 0.2.0 | 507.72 | 154.09 | 661.81 | NOTE | |
r-devel-linux-x86_64-debian-gcc | 0.2.0 | 433.65 | 129.49 | 563.14 | NOTE | |
r-devel-linux-x86_64-fedora-clang | 0.2.0 | 913.35 | NOTE | |||
r-devel-linux-x86_64-fedora-gcc | 0.2.0 | 928.47 | NOTE | |||
r-devel-windows-x86_64 | 0.2.0 | 305.00 | 233.00 | 538.00 | NOTE | |
r-patched-linux-x86_64 | 0.2.0 | 324.78 | 168.39 | 493.17 | NOTE | |
r-release-linux-x86_64 | 0.2.0 | 393.43 | 165.29 | 558.72 | NOTE | |
r-release-macos-arm64 | 0.2.0 | 232.00 | NOTE | |||
r-release-macos-x86_64 | 0.2.0 | 415.00 | NOTE | |||
r-release-windows-x86_64 | 0.2.0 | 322.00 | 231.00 | 553.00 | NOTE | |
r-oldrel-macos-arm64 | 0.2.0 | 229.00 | NOTE | |||
r-oldrel-macos-x86_64 | 0.2.0 | 310.00 | NOTE | |||
r-oldrel-windows-ix86+x86_64 | 0.2.0 | 1053.00 | 293.00 | 1346.00 | NOTE |
Version: 0.2.0
Check: for GNU extensions in Makefiles
Result: NOTE
GNU make is a SystemRequirements.
Flavors: r-devel-linux-x86_64-debian-clang, r-devel-linux-x86_64-debian-gcc, r-devel-linux-x86_64-fedora-clang, r-devel-linux-x86_64-fedora-gcc, r-devel-windows-x86_64, r-patched-linux-x86_64, r-release-linux-x86_64, r-release-macos-arm64, r-release-macos-x86_64, r-release-windows-x86_64, r-oldrel-macos-arm64, r-oldrel-macos-x86_64, r-oldrel-windows-ix86+x86_64
Version: 0.2.0
Check: installed package size
Result: NOTE
installed size is 51.2Mb
sub-directories of 1Mb or more:
libs 50.4Mb
Flavors: r-devel-linux-x86_64-fedora-clang, r-release-macos-arm64, r-release-macos-x86_64, r-oldrel-macos-arm64, r-oldrel-macos-x86_64, r-oldrel-windows-ix86+x86_64
Version: 0.2.0
Check: dependencies in R code
Result: NOTE
Namespaces in Imports field not imported from:
‘RcppParallel’ ‘rstantools’ ‘shinythemes’
All declared Imports should be used.
Flavors: r-devel-linux-x86_64-fedora-clang, r-devel-linux-x86_64-fedora-gcc, r-release-macos-arm64, r-release-macos-x86_64, r-oldrel-macos-arm64, r-oldrel-macos-x86_64