CRAN Package Check Results for Package rcbalance

Last updated on 2023-02-08 04:07:13 CET.

Flavor Version Tinstall Tcheck Ttotal Status Flags
r-devel-linux-x86_64-debian-clang 1.8.8 4.00 37.53 41.53 NOTE
r-devel-linux-x86_64-debian-gcc 1.8.8 2.37 29.41 31.78 NOTE
r-devel-linux-x86_64-fedora-clang 1.8.8 54.75 NOTE
r-devel-linux-x86_64-fedora-gcc 1.8.8 53.06 NOTE
r-devel-windows-x86_64 1.8.8 6.00 73.00 79.00 NOTE
r-patched-linux-x86_64 1.8.8 4.01 37.46 41.47 NOTE
r-release-linux-x86_64 1.8.8 4.16 37.78 41.94 NOTE
r-release-macos-arm64 1.8.8 27.00 NOTE
r-release-macos-x86_64 1.8.8 30.00 NOTE
r-release-windows-x86_64 1.8.8 15.00 80.00 95.00 NOTE
r-oldrel-macos-arm64 1.8.8 18.00 NOTE
r-oldrel-macos-x86_64 1.8.8 29.00 NOTE
r-oldrel-windows-ix86+x86_64 1.8.8 9.00 69.00 78.00 NOTE

Check Details

Version: 1.8.8
Check: package dependencies
Result: NOTE
    Package suggested but not available for checking: ‘rrelaxiv’
Flavors: r-devel-linux-x86_64-debian-clang, r-devel-linux-x86_64-debian-gcc, r-devel-linux-x86_64-fedora-clang, r-devel-linux-x86_64-fedora-gcc, r-devel-windows-x86_64, r-patched-linux-x86_64, r-release-linux-x86_64, r-release-macos-arm64, r-release-macos-x86_64, r-release-windows-x86_64, r-oldrel-macos-arm64, r-oldrel-macos-x86_64, r-oldrel-windows-ix86+x86_64