CRAN Package Check Results for Package rcartocolor

Last updated on 2024-07-22 03:49:26 CEST.

Flavor Version Tinstall Tcheck Ttotal Status Flags
r-devel-linux-x86_64-debian-clang 2.1.1 5.46 49.66 55.12 OK
r-devel-linux-x86_64-debian-gcc 2.1.1 3.27 37.26 40.53 NOTE
r-devel-linux-x86_64-fedora-clang 2.1.1 68.72 OK
r-devel-linux-x86_64-fedora-gcc 2.1.1 64.00 OK
r-devel-windows-x86_64 2.1.1 6.00 57.00 63.00 NOTE
r-patched-linux-x86_64 2.1.1 10.15 47.35 57.50 OK
r-release-linux-x86_64 2.1.1 5.02 46.24 51.26 OK
r-release-macos-arm64 2.1.1 25.00 OK
r-release-macos-x86_64 2.1.1 35.00 OK
r-release-windows-x86_64 2.1.1 6.00 56.00 62.00 OK
r-oldrel-macos-arm64 2.1.1 22.00 OK
r-oldrel-macos-x86_64 2.1.1 46.00 OK
r-oldrel-windows-x86_64 2.1.1 8.00 64.00 72.00 OK

Check Details

Version: 2.1.1
Check: Rd cross-references
Result: NOTE Found the following Rd file(s) with Rd \link{} targets missing package anchors: carto_scale.Rd: discrete_scale, continuous_scale Please provide package anchors for all Rd \link{} targets not in the package itself and the base packages. Flavors: r-devel-linux-x86_64-debian-gcc, r-devel-windows-x86_64