CRAN Package Check Results for Package rbmi

Last updated on 2022-10-03 04:59:36 CEST.

Flavor Version Tinstall Tcheck Ttotal Status Flags
r-devel-linux-x86_64-debian-clang 1.1.4 163.52 468.44 631.96 NOTE
r-devel-linux-x86_64-debian-gcc 1.1.4 139.85 357.12 496.97 NOTE
r-devel-linux-x86_64-fedora-clang 1.1.4 787.84 NOTE
r-devel-linux-x86_64-fedora-gcc 1.1.4 796.00 NOTE
r-devel-windows-x86_64 1.1.4 151.00 585.00 736.00 NOTE
r-patched-linux-x86_64 1.1.4 153.91 442.41 596.32 NOTE
r-release-linux-x86_64 1.1.4 121.93 442.30 564.23 NOTE
r-release-macos-arm64 1.1.4 182.00 NOTE
r-release-macos-x86_64 1.1.4 310.00 NOTE
r-release-windows-x86_64 1.1.4 178.00 564.00 742.00 NOTE
r-oldrel-macos-arm64 1.1.4 184.00 NOTE
r-oldrel-macos-x86_64 1.1.4 303.00 NOTE
r-oldrel-windows-ix86+x86_64 1.1.4 340.00 943.00 1283.00 NOTE

Check Details

Version: 1.1.4
Check: for GNU extensions in Makefiles
Result: NOTE
    GNU make is a SystemRequirements.
Flavors: r-devel-linux-x86_64-debian-clang, r-devel-linux-x86_64-debian-gcc, r-devel-linux-x86_64-fedora-clang, r-devel-linux-x86_64-fedora-gcc, r-devel-windows-x86_64, r-patched-linux-x86_64, r-release-linux-x86_64, r-release-macos-arm64, r-release-macos-x86_64, r-release-windows-x86_64, r-oldrel-macos-arm64, r-oldrel-macos-x86_64, r-oldrel-windows-ix86+x86_64

Version: 1.1.4
Check: dependencies in R code
Result: NOTE
    Namespaces in Imports field not imported from:
     ‘RcppParallel’ ‘rstantools’
     All declared Imports should be used.
Flavors: r-devel-linux-x86_64-fedora-clang, r-devel-linux-x86_64-fedora-gcc, r-release-macos-arm64, r-release-macos-x86_64, r-oldrel-macos-arm64, r-oldrel-macos-x86_64

Version: 1.1.4
Check: installed package size
Result: NOTE
     installed size is 40.6Mb
     sub-directories of 1Mb or more:
     libs 39.4Mb
Flavors: r-release-macos-arm64, r-release-macos-x86_64, r-oldrel-macos-arm64, r-oldrel-macos-x86_64, r-oldrel-windows-ix86+x86_64