CRAN Package Check Results for Package rbi

Last updated on 2020-09-22 16:02:37 CEST.

Flavor Version Tinstall Tcheck Ttotal Status Flags
r-devel-linux-x86_64-debian-clang 0.10.3 5.90 44.02 49.92 OK --no-examples --no-tests --no-vignettes
r-devel-linux-x86_64-debian-gcc 0.10.3 5.49 35.31 40.80 OK --no-examples --no-tests --no-vignettes
r-devel-linux-x86_64-fedora-clang 0.10.3 124.87 NOTE
r-devel-linux-x86_64-fedora-gcc 0.10.3 75.99 NOTE
r-devel-windows-ix86+x86_64 0.10.3 19.00 74.00 93.00 OK
r-patched-linux-x86_64 0.10.3 6.52 42.54 49.06 OK --no-examples --no-tests --no-vignettes
r-patched-solaris-x86 0.10.3 165.60 NOTE
r-release-linux-x86_64 0.10.3 6.90 43.28 50.18 OK --no-examples --no-tests --no-vignettes
r-release-macos-x86_64 0.10.3 OK
r-release-windows-ix86+x86_64 0.10.3 14.00 106.00 120.00 OK
r-oldrel-macos-x86_64 0.10.3 OK
r-oldrel-windows-ix86+x86_64 0.10.3 8.00 64.00 72.00 OK

Check Details

Version: 0.10.3
Check: for non-standard things in the check directory
Result: NOTE
    Found the following files/directories:
     ‘PZ.bi’ ‘mu_sigma.nc’
Flavors: r-devel-linux-x86_64-fedora-clang, r-devel-linux-x86_64-fedora-gcc, r-patched-solaris-x86