Last updated on 2023-02-02 04:05:59 CET.
Flavor | Version | Tinstall | Tcheck | Ttotal | Status | Flags |
---|---|---|---|---|---|---|
r-devel-linux-x86_64-debian-clang | 1.0 | 107.05 | 42.22 | 149.27 | NOTE | |
r-devel-linux-x86_64-debian-gcc | 1.0 | 77.58 | 32.42 | 110.00 | NOTE | |
r-devel-linux-x86_64-fedora-clang | 1.0 | 224.49 | NOTE | |||
r-devel-linux-x86_64-fedora-gcc | 1.0 | 189.38 | NOTE | |||
r-devel-windows-x86_64 | 1.0 | 83.00 | 92.00 | 175.00 | WARN | |
r-patched-linux-x86_64 | 1.0 | 80.59 | 41.55 | 122.14 | OK | |
r-release-linux-x86_64 | 1.0 | 84.21 | 41.00 | 125.21 | OK | |
r-release-macos-arm64 | 1.0 | 51.00 | OK | |||
r-release-macos-x86_64 | 1.0 | 66.00 | OK | |||
r-release-windows-x86_64 | 1.0 | 74.00 | 98.00 | 172.00 | OK | |
r-oldrel-macos-arm64 | 1.0 | 58.00 | OK | |||
r-oldrel-macos-x86_64 | 1.0 | 81.00 | OK | |||
r-oldrel-windows-ix86+x86_64 | 1.0 | 220.00 | 101.00 | 321.00 | OK |
Version: 1.0
Check: C++ specification
Result: NOTE
Specified C++11: please update to current default of C++17
Flavors: r-devel-linux-x86_64-debian-clang, r-devel-linux-x86_64-debian-gcc, r-devel-linux-x86_64-fedora-clang, r-devel-linux-x86_64-fedora-gcc, r-devel-windows-x86_64
Version: 1.0
Check: whether the package can be unloaded cleanly
Result: WARN
Flavor: r-devel-windows-x86_64