Last updated on 2022-06-26 15:53:08 CEST.
Flavor | Version | Tinstall | Tcheck | Ttotal | Status | Flags |
---|---|---|---|---|---|---|
r-devel-linux-x86_64-debian-clang | 0.24.10 | 113.88 | 143.89 | 257.77 | OK | |
r-devel-linux-x86_64-debian-gcc | 0.24.10 | 89.96 | 109.79 | 199.75 | OK | |
r-devel-linux-x86_64-fedora-clang | 0.24.10 | 367.00 | NOTE | |||
r-devel-linux-x86_64-fedora-gcc | 0.24.10 | 341.39 | OK | |||
r-devel-windows-x86_64 | 0.24.10 | 148.00 | 215.00 | 363.00 | OK | |
r-patched-linux-x86_64 | 0.24.10 | 104.50 | 139.61 | 244.11 | OK | |
r-release-linux-x86_64 | 0.24.10 | 107.01 | 138.35 | 245.36 | OK | |
r-release-macos-arm64 | 0.24.10 | 84.00 | NOTE | |||
r-release-macos-x86_64 | 0.24.10 | 116.00 | NOTE | |||
r-release-windows-x86_64 | 0.24.10 | 141.00 | 206.00 | 347.00 | OK | |
r-oldrel-macos-arm64 | 0.24.10 | 106.00 | NOTE | |||
r-oldrel-macos-x86_64 | 0.24.10 | 131.00 | NOTE | |||
r-oldrel-windows-ix86+x86_64 | 0.24.10 | 275.00 | 228.00 | 503.00 | NOTE |
Version: 0.24.10
Check: installed package size
Result: NOTE
installed size is 6.2Mb
sub-directories of 1Mb or more:
data 3.0Mb
libs 2.7Mb
Flavors: r-devel-linux-x86_64-fedora-clang, r-release-macos-arm64, r-release-macos-x86_64, r-oldrel-macos-arm64, r-oldrel-macos-x86_64, r-oldrel-windows-ix86+x86_64