Last updated on 2022-06-28 03:51:40 CEST.
Flavor | Version | Tinstall | Tcheck | Ttotal | Status | Flags |
---|---|---|---|---|---|---|
r-devel-linux-x86_64-debian-clang | 0.23.6 | 386.99 | 83.72 | 470.71 | OK | |
r-devel-linux-x86_64-debian-gcc | 0.23.6 | 324.03 | 61.67 | 385.70 | OK | |
r-devel-linux-x86_64-fedora-clang | 0.23.6 | 725.58 | NOTE | |||
r-devel-linux-x86_64-fedora-gcc | 0.23.6 | 664.07 | OK | |||
r-devel-windows-x86_64 | 0.23.6 | 325.00 | 142.00 | 467.00 | OK | |
r-patched-linux-x86_64 | 0.23.6 | 349.73 | 77.91 | 427.64 | OK | |
r-release-linux-x86_64 | 0.23.6 | 348.48 | 79.58 | 428.06 | OK | |
r-release-macos-arm64 | 0.23.6 | 144.00 | NOTE | |||
r-release-macos-x86_64 | 0.23.6 | 187.00 | NOTE | |||
r-release-windows-x86_64 | 0.23.6 | 332.00 | 154.00 | 486.00 | OK | |
r-oldrel-macos-arm64 | 0.23.6 | 187.00 | NOTE | |||
r-oldrel-macos-x86_64 | 0.23.6 | 185.00 | NOTE | |||
r-oldrel-windows-ix86+x86_64 | 0.23.6 | 956.00 | 166.00 | 1122.00 | NOTE |
Version: 0.23.6
Check: installed package size
Result: NOTE
installed size is 13.3Mb
sub-directories of 1Mb or more:
libs 12.7Mb
Flavors: r-devel-linux-x86_64-fedora-clang, r-release-macos-arm64, r-release-macos-x86_64, r-oldrel-macos-arm64, r-oldrel-macos-x86_64, r-oldrel-windows-ix86+x86_64