CRAN Package Check Results for Package rater

Last updated on 2022-06-25 03:51:06 CEST.

Flavor Version Tinstall Tcheck Ttotal Status Flags
r-devel-linux-x86_64-debian-clang 1.2.0 456.24 162.40 618.64 NOTE
r-devel-linux-x86_64-debian-gcc 1.2.0 426.12 136.16 562.28 NOTE
r-devel-linux-x86_64-fedora-clang 1.2.0 880.22 NOTE
r-devel-linux-x86_64-fedora-gcc 1.2.0 939.58 NOTE
r-devel-windows-x86_64 1.2.0 308.00 242.00 550.00 NOTE
r-patched-linux-x86_64 1.2.0 349.63 179.64 529.27 NOTE
r-release-linux-x86_64 1.2.0 0.03 3.72 3.75 ERROR
r-release-macos-arm64 1.2.0 220.00 NOTE
r-release-macos-x86_64 1.2.0 534.00 NOTE
r-release-windows-x86_64 1.2.0 336.00 242.00 578.00 NOTE
r-oldrel-macos-arm64 1.2.0 322.00 NOTE
r-oldrel-macos-x86_64 1.2.0 262.00 NOTE
r-oldrel-windows-ix86+x86_64 1.2.0 1022.00 320.00 1342.00 NOTE

Check Details

Version: 1.2.0
Check: for GNU extensions in Makefiles
Result: NOTE
    GNU make is a SystemRequirements.
Flavors: r-devel-linux-x86_64-debian-clang, r-devel-linux-x86_64-debian-gcc, r-devel-linux-x86_64-fedora-clang, r-devel-linux-x86_64-fedora-gcc, r-devel-windows-x86_64, r-patched-linux-x86_64, r-release-macos-arm64, r-release-macos-x86_64, r-release-windows-x86_64, r-oldrel-macos-arm64, r-oldrel-macos-x86_64, r-oldrel-windows-ix86+x86_64

Version: 1.2.0
Check: installed package size
Result: NOTE
     installed size is 51.2Mb
     sub-directories of 1Mb or more:
     libs 50.4Mb
Flavors: r-devel-linux-x86_64-fedora-clang, r-release-macos-arm64, r-release-macos-x86_64, r-oldrel-macos-arm64, r-oldrel-macos-x86_64, r-oldrel-windows-ix86+x86_64

Version: 1.2.0
Check: whether package can be installed
Result: ERROR
    Installation failed.
Flavor: r-release-linux-x86_64