CRAN Package Check Results for Package ratelimitr

Last updated on 2022-10-04 03:56:50 CEST.

Flavor Version Tinstall Tcheck Ttotal Status Flags
r-devel-linux-x86_64-debian-clang 0.4.1 2.47 28.94 31.41 NOTE
r-devel-linux-x86_64-debian-gcc 0.4.1 1.65 22.61 24.26 NOTE
r-devel-linux-x86_64-fedora-clang 0.4.1 50.34 NOTE
r-devel-linux-x86_64-fedora-gcc 0.4.1 47.21 NOTE
r-devel-windows-x86_64 0.4.1 22.00 75.00 97.00 NOTE
r-patched-linux-x86_64 0.4.1 1.85 28.22 30.07 NOTE
r-release-linux-x86_64 0.4.1 2.04 28.06 30.10 NOTE
r-release-macos-arm64 0.4.1 36.00 NOTE
r-release-macos-x86_64 0.4.1 44.00 NOTE
r-release-windows-x86_64 0.4.1 30.00 74.00 104.00 NOTE
r-oldrel-macos-arm64 0.4.1 43.00 NOTE
r-oldrel-macos-x86_64 0.4.1 47.00 NOTE
r-oldrel-windows-ix86+x86_64 0.4.1 7.00 69.00 76.00 ERROR

Check Details

Version: 0.4.1
Check: LazyData
Result: NOTE
     'LazyData' is specified without a 'data' directory
Flavors: r-devel-linux-x86_64-debian-clang, r-devel-linux-x86_64-debian-gcc, r-devel-linux-x86_64-fedora-clang, r-devel-linux-x86_64-fedora-gcc, r-devel-windows-x86_64, r-patched-linux-x86_64, r-release-linux-x86_64, r-release-macos-arm64, r-release-macos-x86_64, r-release-windows-x86_64, r-oldrel-macos-arm64, r-oldrel-macos-x86_64, r-oldrel-windows-ix86+x86_64

Version: 0.4.1
Check: tests
Result: ERROR
     Running 'testthat.R' [14s]
    Running the tests in 'tests/testthat.R' failed.
    Complete output:
     > library(testthat)
     > library(ratelimitr)
     >
     > test_check("ratelimitr")
     [ FAIL 1 | WARN 0 | SKIP 1 | PASS 18 ]
    
     == Skipped tests ===============================================================
     * On CRAN (1)
    
     == Failed tests ================================================================
     -- Failure (test-function-errors.R:22:5): rate limits still work in face of errors --
     min(times, na.rm = TRUE) is not strictly more than `period`. Difference: -0.0034
    
     [ FAIL 1 | WARN 0 | SKIP 1 | PASS 18 ]
     Error: Test failures
     Execution halted
Flavor: r-oldrel-windows-ix86+x86_64