CRAN Package Check Results for Package ratPASTA

Last updated on 2020-09-29 15:47:43 CEST.

Flavor Version Tinstall Tcheck Ttotal Status Flags
r-devel-linux-x86_64-debian-clang 0.1.2 9.23 127.76 136.99 OK
r-devel-linux-x86_64-debian-gcc 0.1.2 7.55 96.10 103.65 OK
r-devel-linux-x86_64-fedora-clang 0.1.2 167.14 NOTE
r-devel-linux-x86_64-fedora-gcc 0.1.2 162.11 NOTE
r-devel-windows-ix86+x86_64 0.1.2 20.00 111.00 131.00 OK
r-patched-linux-x86_64 0.1.2 6.28 117.40 123.68 OK
r-patched-solaris-x86 0.1.2 259.50 NOTE
r-release-linux-x86_64 0.1.2 8.27 117.70 125.97 OK
r-release-macos-x86_64 0.1.2 NOTE
r-release-windows-ix86+x86_64 0.1.2 21.00 165.00 186.00 OK
r-oldrel-macos-x86_64 0.1.2 NOTE
r-oldrel-windows-ix86+x86_64 0.1.2 17.00 150.00 167.00 OK

Check Details

Version: 0.1.2
Check: dependencies in R code
Result: NOTE
    Namespace in Imports field not imported from: ‘hms’
     All declared Imports should be used.
Flavors: r-devel-linux-x86_64-fedora-clang, r-devel-linux-x86_64-fedora-gcc, r-patched-solaris-x86, r-release-macos-x86_64, r-oldrel-macos-x86_64