CRAN Package Check Results for Package rapiclient

Last updated on 2020-09-22 03:49:36 CEST.

Flavor Version Tinstall Tcheck Ttotal Status Flags
r-devel-linux-x86_64-debian-clang 0.1.3 2.87 23.61 26.48 OK
r-devel-linux-x86_64-debian-gcc 0.1.3 0.30 2.00 2.30 ERROR
r-devel-linux-x86_64-fedora-clang 0.1.3 41.92 OK
r-devel-linux-x86_64-fedora-gcc 0.1.3 33.27 OK
r-devel-windows-ix86+x86_64 0.1.3 6.00 34.00 40.00 OK
r-patched-linux-x86_64 0.1.3 2.66 23.83 26.49 OK
r-patched-solaris-x86 0.1.3 46.20 OK
r-release-linux-x86_64 0.1.3 2.79 23.70 26.49 OK
r-release-macos-x86_64 0.1.3 OK
r-release-windows-ix86+x86_64 0.1.3 7.00 33.00 40.00 OK
r-oldrel-macos-x86_64 0.1.3 OK
r-oldrel-windows-ix86+x86_64 0.1.3 4.00 44.00 48.00 OK

Check Details

Version: 0.1.3
Check: whether package can be installed
Result: ERROR
    Installation failed.
Flavor: r-devel-linux-x86_64-debian-gcc