CRAN Package Check Results for Package rapbase

Last updated on 2020-09-23 16:38:50 CEST.

Flavor Version Tinstall Tcheck Ttotal Status Flags
r-devel-linux-x86_64-debian-clang 1.10.0 2.80 32.22 35.02 OK
r-devel-linux-x86_64-debian-gcc 1.10.0 2.62 25.34 27.96 OK
r-devel-linux-x86_64-fedora-clang 1.10.0 50.97 NOTE
r-devel-windows-ix86+x86_64 1.10.0 8.00 59.00 67.00 OK
r-patched-linux-x86_64 1.10.0 3.02 30.65 33.67 OK
r-patched-solaris-x86 1.10.0 62.70 NOTE
r-release-linux-x86_64 1.10.0 2.91 31.02 33.93 OK
r-release-macos-x86_64 1.10.0 ERROR
r-release-windows-ix86+x86_64 1.10.0 21.00 58.00 79.00 OK
r-oldrel-macos-x86_64 1.10.0 NOTE
r-oldrel-windows-ix86+x86_64 1.10.0 5.00 58.00 63.00 OK

Check Details

Version: 1.10.0
Check: dependencies in R code
Result: NOTE
    Namespace in Imports field not imported from: ‘RJDBC’
     All declared Imports should be used.
Flavors: r-devel-linux-x86_64-fedora-clang, r-patched-solaris-x86, r-release-macos-x86_64, r-oldrel-macos-x86_64

Version: 1.10.0
Check: tests
Result: ERROR
     Running ‘testthat.R’ [42s/62s]
    Running the tests in ‘tests/testthat.R’ failed.
    Last 13 lines of output:
     $ operator is invalid for atomic vectors
     Backtrace:
     1. testthat::expect_true(is.vector(getRapPackages()))
     5. rapbase::getRapPackages()
     6. base::sapply(allPkg$Package, isPkgRapReg)
     7. base::lapply(X = X, FUN = FUN, ...)
     8. rapbase:::FUN(X[[i]], ...)
     9. base::grepl(...)
    
     ══ testthat results ═══════════════════════════════════════════════════════════
     [ OK: 85 | SKIPPED: 3 | WARNINGS: 4 | FAILED: 1 ]
     1. Error: Listing of Rapporteket packages is present (@test-miscellaneous-functions.R#4)
    
     Error: testthat unit tests failed
     Execution halted
Flavor: r-release-macos-x86_64