CRAN Package Check Results for Package rapbase

Last updated on 2022-08-15 03:52:56 CEST.

Flavor Version Tinstall Tcheck Ttotal Status Flags
r-devel-linux-x86_64-debian-clang 1.10.0 3.70 110.34 114.04 OK
r-devel-linux-x86_64-debian-gcc 1.10.0 2.13 77.06 79.19 OK
r-devel-linux-x86_64-fedora-clang 1.10.0 136.42 NOTE
r-devel-linux-x86_64-fedora-gcc 1.10.0 205.49 NOTE
r-devel-windows-x86_64 1.10.0 20.00 200.00 220.00 OK
r-patched-linux-x86_64 1.10.0 3.10 96.11 99.21 OK
r-release-linux-x86_64 1.10.0 3.55 96.74 100.29 OK
r-release-macos-arm64 1.10.0 67.00 NOTE
r-release-macos-x86_64 1.10.0 166.00 NOTE
r-release-windows-x86_64 1.10.0 28.00 197.00 225.00 OK
r-oldrel-macos-arm64 1.10.0 72.00 NOTE
r-oldrel-macos-x86_64 1.10.0 168.00 NOTE
r-oldrel-windows-ix86+x86_64 1.10.0 12.00 58.00 70.00 OK

Check Details

Version: 1.10.0
Check: dependencies in R code
Result: NOTE
    Namespace in Imports field not imported from: ‘RJDBC’
     All declared Imports should be used.
Flavors: r-devel-linux-x86_64-fedora-clang, r-devel-linux-x86_64-fedora-gcc, r-release-macos-arm64, r-release-macos-x86_64, r-oldrel-macos-arm64, r-oldrel-macos-x86_64