Last updated on 2022-06-28 03:51:40 CEST.
Flavor | Version | Tinstall | Tcheck | Ttotal | Status | Flags |
---|---|---|---|---|---|---|
r-devel-linux-x86_64-debian-clang | 0.1.4 | 3.54 | 74.37 | 77.91 | NOTE | |
r-devel-linux-x86_64-debian-gcc | 0.1.4 | 3.06 | 55.00 | 58.06 | NOTE | |
r-devel-linux-x86_64-fedora-clang | 0.1.4 | 102.78 | NOTE | |||
r-devel-linux-x86_64-fedora-gcc | 0.1.4 | 102.43 | NOTE | |||
r-devel-windows-x86_64 | 0.1.4 | 111.00 | 107.00 | 218.00 | OK | |
r-patched-linux-x86_64 | 0.1.4 | 3.23 | 70.01 | 73.24 | NOTE | |
r-release-linux-x86_64 | 0.1.4 | 3.57 | 70.41 | 73.98 | NOTE | |
r-release-macos-arm64 | 0.1.4 | 36.00 | NOTE | |||
r-release-macos-x86_64 | 0.1.4 | 55.00 | NOTE | |||
r-release-windows-x86_64 | 0.1.4 | 91.00 | 107.00 | 198.00 | OK | |
r-oldrel-macos-arm64 | 0.1.4 | 34.00 | NOTE | |||
r-oldrel-macos-x86_64 | 0.1.4 | 38.00 | NOTE | |||
r-oldrel-windows-ix86+x86_64 | 0.1.4 | 11.00 | 114.00 | 125.00 | OK |
Version: 0.1.4
Check: package dependencies
Result: NOTE
Package suggested but not available for checking: 'googlesheets'
Flavors: r-devel-linux-x86_64-debian-clang, r-devel-linux-x86_64-debian-gcc, r-devel-linux-x86_64-fedora-clang, r-devel-linux-x86_64-fedora-gcc, r-patched-linux-x86_64, r-release-linux-x86_64, r-release-macos-x86_64
Version: 0.1.4
Check: dependencies in R code
Result: NOTE
Namespaces in Imports field not imported from:
‘MASS’ ‘dplyr’ ‘jsonlite’ ‘rgbif’ ‘rgdal’ ‘rgeos’ ‘sp’ ‘spThin’
‘spatstat’
All declared Imports should be used.
Flavors: r-devel-linux-x86_64-fedora-clang, r-devel-linux-x86_64-fedora-gcc, r-release-macos-arm64, r-release-macos-x86_64, r-oldrel-macos-arm64, r-oldrel-macos-x86_64