CRAN Package Check Results for Package randtests

Last updated on 2023-10-01 05:05:51 CEST.

Flavor Version Tinstall Tcheck Ttotal Status Flags
r-devel-linux-x86_64-debian-clang 1.0.1 2.23 25.81 28.04 NOTE
r-devel-linux-x86_64-debian-gcc 1.0.1 2.00 20.13 22.13 NOTE
r-devel-linux-x86_64-fedora-clang 1.0.1 35.32 NOTE
r-devel-linux-x86_64-fedora-gcc 1.0.1 34.77 NOTE
r-devel-windows-x86_64 1.0.1 3.00 40.00 43.00 NOTE
r-patched-linux-x86_64 1.0.1 2.65 25.80 28.45 OK
r-release-linux-x86_64 1.0.1 2.96 25.41 28.37 OK
r-release-macos-arm64 1.0.1 16.00 OK
r-release-macos-x86_64 1.0.1 21.00 OK
r-release-windows-x86_64 1.0.1 5.00 47.00 52.00 OK
r-oldrel-macos-arm64 1.0.1 17.00 OK
r-oldrel-macos-x86_64 1.0.1 22.00 OK
r-oldrel-windows-x86_64 1.0.1 31.00 51.00 82.00 OK

Check Details

Version: 1.0.1
Check: Rd metadata
Result: NOTE
    Invalid package aliases in Rd file 'randtests-package.Rd':
     ‘randomtests-package’
Flavors: r-devel-linux-x86_64-debian-clang, r-devel-linux-x86_64-debian-gcc, r-devel-linux-x86_64-fedora-clang, r-devel-linux-x86_64-fedora-gcc, r-devel-windows-x86_64