CRAN Package Check Results for Package randomizeR

Last updated on 2022-06-26 03:50:09 CEST.

Flavor Version Tinstall Tcheck Ttotal Status Flags
r-devel-linux-x86_64-debian-clang 2.0.0 27.40 201.70 229.10 NOTE
r-devel-linux-x86_64-debian-gcc 2.0.0 23.55 143.06 166.61 NOTE
r-devel-linux-x86_64-fedora-clang 2.0.0 314.17 NOTE
r-devel-linux-x86_64-fedora-gcc 2.0.0 302.58 NOTE
r-devel-windows-x86_64 2.0.0 175.00 286.00 461.00 NOTE
r-patched-linux-x86_64 2.0.0 23.25 184.29 207.54 NOTE
r-release-linux-x86_64 2.0.0 25.65 181.07 206.72 NOTE
r-release-macos-arm64 2.0.0 76.00 NOTE
r-release-macos-x86_64 2.0.0 138.00 NOTE
r-release-windows-x86_64 2.0.0 143.00 269.00 412.00 NOTE
r-oldrel-macos-arm64 2.0.0 106.00 NOTE
r-oldrel-macos-x86_64 2.0.0 163.00 NOTE
r-oldrel-windows-ix86+x86_64 2.0.0 50.00 222.00 272.00 NOTE

Check Details

Version: 2.0.0
Check: LazyData
Result: NOTE
     'LazyData' is specified without a 'data' directory
Flavors: r-devel-linux-x86_64-debian-clang, r-devel-linux-x86_64-debian-gcc, r-devel-linux-x86_64-fedora-clang, r-devel-linux-x86_64-fedora-gcc, r-devel-windows-x86_64, r-patched-linux-x86_64, r-release-linux-x86_64, r-release-macos-arm64, r-release-macos-x86_64, r-release-windows-x86_64, r-oldrel-macos-arm64, r-oldrel-macos-x86_64, r-oldrel-windows-ix86+x86_64