CRAN Package Check Results for Package rakeR

Last updated on 2023-02-05 15:55:24 CET.

Flavor Version Tinstall Tcheck Ttotal Status Flags
r-devel-linux-x86_64-debian-clang 0.2.1 2.67 34.27 36.94 NOTE
r-devel-linux-x86_64-debian-gcc 0.2.1 1.89 27.51 29.40 NOTE
r-devel-linux-x86_64-fedora-clang 0.2.1 45.85 NOTE
r-devel-linux-x86_64-fedora-gcc 0.2.1 44.69 NOTE
r-devel-windows-x86_64 0.2.1 11.00 64.00 75.00 NOTE
r-patched-linux-x86_64 0.2.1 2.14 33.99 36.13 NOTE
r-release-linux-x86_64 0.2.1 2.42 32.87 35.29 NOTE
r-release-macos-arm64 0.2.1 19.00 NOTE
r-release-macos-x86_64 0.2.1 27.00 NOTE
r-release-windows-x86_64 0.2.1 14.00 67.00 81.00 NOTE
r-oldrel-macos-arm64 0.2.1 22.00 NOTE
r-oldrel-macos-x86_64 0.2.1 31.00 NOTE
r-oldrel-windows-ix86+x86_64 0.2.1 5.00 62.00 67.00 NOTE

Check Details

Version: 0.2.1
Check: LazyData
Result: NOTE
     'LazyData' is specified without a 'data' directory
Flavors: r-devel-linux-x86_64-debian-clang, r-devel-linux-x86_64-debian-gcc, r-devel-linux-x86_64-fedora-clang, r-devel-linux-x86_64-fedora-gcc, r-devel-windows-x86_64, r-patched-linux-x86_64, r-release-linux-x86_64, r-release-macos-arm64, r-release-macos-x86_64, r-release-windows-x86_64, r-oldrel-macos-arm64, r-oldrel-macos-x86_64, r-oldrel-windows-ix86+x86_64