CRAN Package Check Results for Package rainette

Last updated on 2024-07-21 15:53:42 CEST.

Flavor Version Tinstall Tcheck Ttotal Status Flags
r-devel-linux-x86_64-debian-clang 0.3.1.1 27.47 199.11 226.58 OK
r-devel-linux-x86_64-debian-gcc 0.3.1.1 19.27 149.36 168.63 OK
r-devel-linux-x86_64-fedora-clang 0.3.1.1 305.36 OK
r-devel-linux-x86_64-fedora-gcc 0.3.1.1 291.35 OK
r-devel-windows-x86_64 0.3.1.1 27.00 165.00 192.00 OK
r-patched-linux-x86_64 0.3.1.1 28.75 184.37 213.12 OK
r-release-linux-x86_64 0.3.1.1 19.51 191.05 210.56 OK
r-release-macos-arm64 0.3.1.1 87.00 OK
r-release-macos-x86_64 0.3.1.1 129.00 OK
r-release-windows-x86_64 0.3.1.1 29.00 166.00 195.00 OK
r-oldrel-macos-arm64 0.3.1.1 93.00 OK
r-oldrel-macos-x86_64 0.3.1.1 152.00 NOTE
r-oldrel-windows-x86_64 0.3.1.1 37.00 211.00 248.00 OK

Check Details

Version: 0.3.1.1
Check: package dependencies
Result: NOTE Package suggested but not available for checking: ‘quanteda.textmodels’ Flavor: r-oldrel-macos-x86_64