CRAN Package Check Results for Package rai

Last updated on 2020-07-13 15:48:42 CEST.

Flavor Version Tinstall Tcheck Ttotal Status Flags
r-devel-linux-x86_64-debian-clang 1.0.0 6.04 50.11 56.15 OK
r-devel-linux-x86_64-debian-gcc 1.0.0 5.45 37.82 43.27 OK
r-devel-linux-x86_64-fedora-clang 1.0.0 75.84 OK
r-devel-linux-x86_64-fedora-gcc 1.0.0 69.06 OK
r-devel-windows-ix86+x86_64 1.0.0 14.00 98.00 112.00 OK
r-patched-linux-x86_64 1.0.0 5.56 48.09 53.65 OK
r-patched-solaris-x86 1.0.0 93.50 OK
r-release-linux-x86_64 1.0.0 6.31 49.90 56.21 OK
r-release-macos-x86_64 1.0.0 FAIL
r-release-windows-ix86+x86_64 1.0.0 26.00 62.00 88.00 OK
r-oldrel-macos-x86_64 1.0.0 OK
r-oldrel-windows-ix86+x86_64 1.0.0 16.00 60.00 76.00 OK

Check Details

Version: 1.0.0
Check: DESCRIPTION meta-information
Result: FAIL
Flavor: r-release-macos-x86_64