Last updated on 2022-06-27 15:53:51 CEST.
Flavor | Version | Tinstall | Tcheck | Ttotal | Status | Flags |
---|---|---|---|---|---|---|
r-devel-linux-x86_64-debian-clang | 1.4.2 | 18.36 | 147.87 | 166.23 | OK | |
r-devel-linux-x86_64-debian-gcc | 1.4.2 | 14.66 | 109.00 | 123.66 | OK | |
r-devel-linux-x86_64-fedora-clang | 1.4.2 | 203.29 | NOTE | |||
r-devel-linux-x86_64-fedora-gcc | 1.4.2 | 225.91 | OK | |||
r-devel-windows-x86_64 | 1.4.2 | 134.00 | 183.00 | 317.00 | OK | |
r-patched-linux-x86_64 | 1.4.2 | 18.32 | 137.50 | 155.82 | OK | |
r-release-linux-x86_64 | 1.4.2 | 17.60 | 137.71 | 155.31 | OK | |
r-release-macos-arm64 | 1.4.2 | 59.00 | OK | |||
r-release-macos-x86_64 | 1.4.2 | 79.00 | OK | |||
r-release-windows-x86_64 | 1.4.2 | 228.00 | 187.00 | 415.00 | OK | |
r-oldrel-macos-arm64 | 1.4.2 | 54.00 | OK | |||
r-oldrel-macos-x86_64 | 1.4.2 | 74.00 | OK | |||
r-oldrel-windows-ix86+x86_64 | 1.4.2 | 39.00 | 179.00 | 218.00 | OK |
Version: 1.4.2
Check: package dependencies
Result: NOTE
Imports includes 27 non-default packages.
Importing from so many packages makes the package vulnerable to any of
them becoming unavailable. Move as many as possible to Suggests and
use conditionally.
Flavor: r-devel-linux-x86_64-fedora-clang