CRAN Package Check Results for Package rTRNG

Last updated on 2020-10-23 15:48:17 CEST.

Flavor Version Tinstall Tcheck Ttotal Status Flags
r-devel-linux-x86_64-debian-clang 4.20-1 143.37 177.82 321.19 NOTE
r-devel-linux-x86_64-debian-gcc 4.20-1 125.89 125.85 251.74 NOTE
r-devel-linux-x86_64-fedora-clang 4.20-1 439.05 NOTE
r-devel-linux-x86_64-fedora-gcc 4.20-1 419.10 NOTE
r-devel-windows-ix86+x86_64 4.20-1 350.00 283.00 633.00 NOTE
r-patched-linux-x86_64 4.20-1 147.91 164.32 312.23 NOTE
r-patched-solaris-x86 4.20-1 395.10 WARN
r-release-linux-x86_64 4.20-1 146.39 163.01 309.40 NOTE
r-release-macos-x86_64 4.20-1 WARN
r-release-windows-ix86+x86_64 4.20-1 281.00 211.00 492.00 NOTE
r-oldrel-macos-x86_64 4.20-1 ERROR
r-oldrel-windows-ix86+x86_64 4.20-1 356.00 186.00 542.00 NOTE

Additional issues

valgrind

Check Details

Version: 4.20-1
Check: for GNU extensions in Makefiles
Result: NOTE
    GNU make is a SystemRequirements.
Flavors: r-devel-linux-x86_64-debian-clang, r-devel-linux-x86_64-debian-gcc, r-devel-linux-x86_64-fedora-clang, r-devel-linux-x86_64-fedora-gcc, r-devel-windows-ix86+x86_64, r-patched-linux-x86_64, r-patched-solaris-x86, r-release-linux-x86_64, r-release-macos-x86_64, r-release-windows-ix86+x86_64, r-oldrel-macos-x86_64, r-oldrel-windows-ix86+x86_64

Version: 4.20-1
Check: installed package size
Result: NOTE
     installed size is 29.5Mb
     sub-directories of 1Mb or more:
     doc 7.8Mb
     libs 20.8Mb
Flavors: r-devel-linux-x86_64-fedora-clang, r-devel-windows-ix86+x86_64, r-patched-solaris-x86, r-release-macos-x86_64, r-release-windows-ix86+x86_64, r-oldrel-macos-x86_64, r-oldrel-windows-ix86+x86_64

Version: 4.20-1
Check: re-building of vignette outputs
Result: WARN
    Error(s) in re-building vignettes:
     ...
    --- re-building ‘mcMat.Rmd’ using rmarkdown
    Warning in engine$weave(file, quiet = quiet, encoding = enc) :
     Pandoc (>= 1.12.3) and/or pandoc-citeproc not available. Falling back to R Markdown v1.
    "/home/ripley/R/Lib32/rTRNG/include/trng/special_functions.hpp", line 219: Error: Badly formed constant expression.
    "/home/ripley/R/Lib32/rTRNG/include/trng/special_functions.hpp", line 235: Error: Badly formed constant expression.
    "/home/ripley/R/Lib32/rTRNG/include/trng/special_functions.hpp", line 416: Error: Badly formed constant expression.
    "/home/ripley/R/Lib32/rTRNG/include/trng/special_functions.hpp", line 432: Error: Badly formed constant expression.
    "/home/ripley/R/Lib32/rTRNG/include/trng/special_functions.hpp", line 987: Error: Badly formed constant expression.
    "/home/ripley/R/Lib32/rTRNG/include/trng/special_functions.hpp", line 998: Error: Badly formed constant expression.
    "/home/ripley/R/Lib32/rTRNG/include/trng/special_functions.hpp", line 1023: Error: Badly formed constant expression.
    "/home/ripley/R/Lib32/rTRNG/include/trng/special_functions.hpp", line 1034: Error: Badly formed constant expression.
    8 Error(s) detected.
    make: Fatal error: Command failed for target `mcMat.o'
    Current working directory /tmp/Rtmp8raaPt/working_dir/Rtmp_faGsb/sourceCpp-i386-pc-solaris2.10-1.0.5/sourcecpp_294679845
    Quitting from lines 20-26 (mcMat.Rmd)
    Error: processing vignette 'mcMat.Rmd' failed with diagnostics:
    Error 1 occurred building shared library.
    --- failed re-building ‘mcMat.Rmd’
    
    --- re-building ‘rTRNG.Rmd’ using rmarkdown
    Warning in engine$weave(file, quiet = quiet, encoding = enc) :
     Pandoc (>= 1.12.3) and/or pandoc-citeproc not available. Falling back to R Markdown v1.
    Building shared library for Rcpp code chunk...
    
    > exampleCpp()
     [1] 0.908596011 0.868944127 0.354053042 0.737823978 0.005293939 0.586628362
     [7] 0.686208571 0.708826658 0.662295773 0.818212143
    --- finished re-building ‘rTRNG.Rmd’
    
    --- re-building ‘rTRNG.useR2017.pdf.asis’ using asis
    --- finished re-building ‘rTRNG.useR2017.pdf.asis’
    
    SUMMARY: processing the following file failed:
     ‘mcMat.Rmd’
    
    Error: Vignette re-building failed.
    Execution halted
Flavor: r-patched-solaris-x86

Version: 4.20-1
Check: re-building of vignette outputs
Result: WARN
    Error(s) in re-building vignettes:
    --- re-building ‘mcMat.Rmd’ using rmarkdown
    Warning in engine$weave(file, quiet = quiet, encoding = enc) :
     Pandoc (>= 1.12.3) and/or pandoc-citeproc not available. Falling back to R Markdown v1.
    Quitting from lines 20-26 (mcMat.Rmd)
    Error: processing vignette 'mcMat.Rmd' failed with diagnostics:
    unable to load shared object '/Volumes/Temp/tmp/Rtmph3s0Pn/sourceCpp-x86_64-apple-darwin17.0-1.0.5/sourcecpp_39142237833/sourceCpp_2.so':
     dlopen(/Volumes/Temp/tmp/Rtmph3s0Pn/sourceCpp-x86_64-apple-darwin17.0-1.0.5/sourcecpp_39142237833/sourceCpp_2.so, 6): Library not loaded: rTRNG.so
     Referenced from: /Volumes/Temp/tmp/Rtmph3s0Pn/sourceCpp-x86_64-apple-darwin17.0-1.0.5/sourcecpp_39142237833/sourceCpp_2.so
     Reason: image not found
    --- failed re-building ‘mcMat.Rmd’
    
    --- re-building ‘rTRNG.Rmd’ using rmarkdown
    Warning in engine$weave(file, quiet = quiet, encoding = enc) :
     Pandoc (>= 1.12.3) and/or pandoc-citeproc not available. Falling back to R Markdown v1.
    Building shared library for Rcpp code chunk...
    Quitting from lines 106-129 (rTRNG.Rmd)
    Error: processing vignette 'rTRNG.Rmd' failed with diagnostics:
    unable to load shared object '/Volumes/Temp/tmp/RtmpekQKXO/sourceCpp-x86_64-apple-darwin17.0-1.0.5/sourcecpp_3cfd40acd5bb/sourceCpp_2.so':
     dlopen(/Volumes/Temp/tmp/RtmpekQKXO/sourceCpp-x86_64-apple-darwin17.0-1.0.5/sourcecpp_3cfd40acd5bb/sourceCpp_2.so, 6): Library not loaded: rTRNG.so
     Referenced from: /Volumes/Temp/tmp/RtmpekQKXO/sourceCpp-x86_64-apple-darwin17.0-1.0.5/sourcecpp_3cfd40acd5bb/sourceCpp_2.so
     Reason: image not found
    --- failed re-building ‘rTRNG.Rmd’
    
    --- re-building ‘rTRNG.useR2017.pdf.asis’ using asis
    --- finished re-building ‘rTRNG.useR2017.pdf.asis’
    
    SUMMARY: processing the following files failed:
     ‘mcMat.Rmd’ ‘rTRNG.Rmd’
    
    Error: Vignette re-building failed.
    Execution halted
Flavor: r-release-macos-x86_64

Version: 4.20-1
Check: tests
Result: ERROR
     Running ‘testthat.R’ [8s/8s]
    Running the tests in ‘tests/testthat.R’ failed.
    Last 13 lines of output:
     ══ testthat results ═══════════════════════════════════════════════════════════
     [ OK: 581 | SKIPPED: 0 | WARNINGS: 0 | FAILED: 30 ]
     1. Failure: $split errors for out-of-range subsequence indices (@test-TRNG.Engine.R#264)
     2. Failure: $split errors for out-of-range subsequence indices (@test-TRNG.Engine.R#268)
     3. Failure: $split errors for out-of-range subsequence indices (@test-TRNG.Engine.R#264)
     4. Failure: $split errors for out-of-range subsequence indices (@test-TRNG.Engine.R#268)
     5. Failure: $split errors for out-of-range subsequence indices (@test-TRNG.Engine.R#264)
     6. Failure: $split errors for out-of-range subsequence indices (@test-TRNG.Engine.R#268)
     7. Failure: $split errors for out-of-range subsequence indices (@test-TRNG.Engine.R#264)
     8. Failure: $split errors for out-of-range subsequence indices (@test-TRNG.Engine.R#268)
     9. Failure: $split errors for out-of-range subsequence indices (@test-TRNG.Engine.R#264)
     1. ...
    
     Error: testthat unit tests failed
     Execution halted
Flavor: r-oldrel-macos-x86_64

Version: 4.20-1
Check: re-building of vignette outputs
Result: WARN
    Error(s) in re-building vignettes:
    --- re-building ‘mcMat.Rmd’ using rmarkdown
    Warning in engine$weave(file, quiet = quiet, encoding = enc) :
     Pandoc (>= 1.12.3) and/or pandoc-citeproc not available. Falling back to R Markdown v1.
    Quitting from lines 20-26 (mcMat.Rmd)
    Error: processing vignette 'mcMat.Rmd' failed with diagnostics:
    unable to load shared object '/private/tmp/RtmpVFmz01/sourceCpp-x86_64-apple-darwin15.6.0-1.0.5/sourcecpp_14faa19cd0a8e/sourceCpp_2.so':
     dlopen(/private/tmp/RtmpVFmz01/sourceCpp-x86_64-apple-darwin15.6.0-1.0.5/sourcecpp_14faa19cd0a8e/sourceCpp_2.so, 6): Library not loaded: rTRNG.so
     Referenced from: /private/tmp/RtmpVFmz01/sourceCpp-x86_64-apple-darwin15.6.0-1.0.5/sourcecpp_14faa19cd0a8e/sourceCpp_2.so
     Reason: image not found
    --- failed re-building ‘mcMat.Rmd’
    
    --- re-building ‘rTRNG.Rmd’ using rmarkdown
    Warning in engine$weave(file, quiet = quiet, encoding = enc) :
     Pandoc (>= 1.12.3) and/or pandoc-citeproc not available. Falling back to R Markdown v1.
    Building shared library for Rcpp code chunk...
    Quitting from lines 106-129 (rTRNG.Rmd)
    Error: processing vignette 'rTRNG.Rmd' failed with diagnostics:
    unable to load shared object '/private/tmp/Rtmph6ALoS/sourceCpp-x86_64-apple-darwin15.6.0-1.0.5/sourcecpp_14fc74c23e17c/sourceCpp_2.so':
     dlopen(/private/tmp/Rtmph6ALoS/sourceCpp-x86_64-apple-darwin15.6.0-1.0.5/sourcecpp_14fc74c23e17c/sourceCpp_2.so, 6): Library not loaded: rTRNG.so
     Referenced from: /private/tmp/Rtmph6ALoS/sourceCpp-x86_64-apple-darwin15.6.0-1.0.5/sourcecpp_14fc74c23e17c/sourceCpp_2.so
     Reason: image not found
    --- failed re-building ‘rTRNG.Rmd’
    
    --- re-building ‘rTRNG.useR2017.pdf.asis’ using asis
    --- finished re-building ‘rTRNG.useR2017.pdf.asis’
    
    SUMMARY: processing the following files failed:
     ‘mcMat.Rmd’ ‘rTRNG.Rmd’
    
    Error: Vignette re-building failed.
    Execution halted
Flavor: r-oldrel-macos-x86_64