Last updated on 2022-06-28 03:51:42 CEST.
Flavor | Version | Tinstall | Tcheck | Ttotal | Status | Flags |
---|---|---|---|---|---|---|
r-devel-linux-x86_64-debian-clang | 1.3 | 75.66 | 96.05 | 171.71 | NOTE | |
r-devel-linux-x86_64-debian-gcc | 1.3 | 62.01 | 72.15 | 134.16 | NOTE | |
r-devel-linux-x86_64-fedora-clang | 1.3 | 249.90 | NOTE | |||
r-devel-linux-x86_64-fedora-gcc | 1.3 | 225.86 | NOTE | |||
r-devel-windows-x86_64 | 1.3 | 86.00 | 169.00 | 255.00 | NOTE | |
r-patched-linux-x86_64 | 1.3 | 66.55 | 89.72 | 156.27 | NOTE | |
r-release-linux-x86_64 | 1.3 | 66.07 | 89.61 | 155.68 | NOTE | |
r-release-macos-arm64 | 1.3 | 69.00 | NOTE | |||
r-release-macos-x86_64 | 1.3 | 109.00 | NOTE | |||
r-release-windows-x86_64 | 1.3 | 85.00 | 166.00 | 251.00 | NOTE | |
r-oldrel-macos-arm64 | 1.3 | 89.00 | NOTE | |||
r-oldrel-macos-x86_64 | 1.3 | 116.00 | NOTE | |||
r-oldrel-windows-ix86+x86_64 | 1.3 | 194.00 | 133.00 | 327.00 | NOTE |
Version: 1.3
Check: LazyData
Result: NOTE
'LazyData' is specified without a 'data' directory
Flavors: r-devel-linux-x86_64-debian-clang, r-devel-linux-x86_64-debian-gcc, r-devel-linux-x86_64-fedora-clang, r-devel-linux-x86_64-fedora-gcc, r-devel-windows-x86_64, r-patched-linux-x86_64, r-release-linux-x86_64, r-release-macos-arm64, r-release-macos-x86_64, r-release-windows-x86_64, r-oldrel-macos-arm64, r-oldrel-macos-x86_64, r-oldrel-windows-ix86+x86_64
Version: 1.3
Check: for GNU extensions in Makefiles
Result: NOTE
GNU make is a SystemRequirements.
Flavors: r-devel-linux-x86_64-debian-clang, r-devel-linux-x86_64-debian-gcc, r-devel-linux-x86_64-fedora-clang, r-devel-linux-x86_64-fedora-gcc, r-devel-windows-x86_64, r-patched-linux-x86_64, r-release-linux-x86_64, r-release-macos-arm64, r-release-macos-x86_64, r-release-windows-x86_64, r-oldrel-macos-arm64, r-oldrel-macos-x86_64, r-oldrel-windows-ix86+x86_64
Version: 1.3
Check: package dependencies
Result: NOTE
Packages suggested but not available for checking: 'graph', 'Rgraphviz'
Flavor: r-release-macos-arm64