CRAN Package Check Results for Package rPraat

Last updated on 2023-01-26 15:53:20 CET.

Flavor Version Tinstall Tcheck Ttotal Status Flags
r-devel-linux-x86_64-debian-clang 1.3.2-1 16.10 114.15 130.25 NOTE
r-devel-linux-x86_64-debian-gcc 1.3.2-1 16.64 83.46 100.10 NOTE
r-devel-linux-x86_64-fedora-clang 1.3.2-1 164.38 NOTE
r-devel-linux-x86_64-fedora-gcc 1.3.2-1 153.93 NOTE
r-patched-linux-x86_64 1.3.2-1 23.23 105.51 128.74 NOTE
r-release-linux-x86_64 1.3.2-1 13.67 107.09 120.76 NOTE
r-release-macos-arm64 1.3.2-1 47.00 NOTE
r-release-macos-x86_64 1.3.2-1 78.00 NOTE
r-release-windows-x86_64 1.3.2-1 61.00 164.00 225.00 NOTE
r-oldrel-macos-arm64 1.3.2-1 50.00 NOTE
r-oldrel-macos-x86_64 1.3.2-1 72.00 NOTE
r-oldrel-windows-ix86+x86_64 1.3.2-1 27.00 142.00 169.00 NOTE

Check Details

Version: 1.3.2-1
Check: LazyData
Result: NOTE
     'LazyData' is specified without a 'data' directory
Flavors: r-devel-linux-x86_64-debian-clang, r-devel-linux-x86_64-debian-gcc, r-devel-linux-x86_64-fedora-clang, r-devel-linux-x86_64-fedora-gcc, r-patched-linux-x86_64, r-release-linux-x86_64, r-release-macos-arm64, r-release-macos-x86_64, r-release-windows-x86_64, r-oldrel-macos-arm64, r-oldrel-macos-x86_64, r-oldrel-windows-ix86+x86_64