CRAN Package Check Results for Package rODE

Last updated on 2020-11-27 03:50:20 CET.

Flavor Version Tinstall Tcheck Ttotal Status Flags
r-devel-linux-x86_64-debian-clang 0.99.6 6.85 116.81 123.66 OK
r-devel-linux-x86_64-debian-gcc 0.99.6 4.39 84.76 89.15 OK
r-devel-linux-x86_64-fedora-clang 0.99.6 143.31 NOTE
r-devel-linux-x86_64-fedora-gcc 0.99.6 134.73 NOTE
r-devel-windows-ix86+x86_64 0.99.6 11.00 104.00 115.00 OK
r-patched-linux-x86_64 0.99.6 6.06 113.94 120.00 OK
r-patched-solaris-x86 0.99.6 170.60 NOTE
r-release-linux-x86_64 0.99.6 6.52 111.27 117.79 OK
r-release-macos-x86_64 0.99.6 NOTE
r-release-windows-ix86+x86_64 0.99.6 11.00 140.00 151.00 OK
r-oldrel-macos-x86_64 0.99.6 NOTE
r-oldrel-windows-ix86+x86_64 0.99.6 10.00 128.00 138.00 OK

Check Details

Version: 0.99.6
Check: dependencies in R code
Result: NOTE
    Namespace in Imports field not imported from: ‘data.table’
     All declared Imports should be used.
Flavors: r-devel-linux-x86_64-fedora-clang, r-devel-linux-x86_64-fedora-gcc, r-patched-solaris-x86, r-release-macos-x86_64, r-oldrel-macos-x86_64